Last updated on 2017-07-31 01:46:58.
Flavor | Version | Tinstall | Tcheck | Ttotal | Status | Flags |
---|---|---|---|---|---|---|
r-devel-linux-x86_64-debian-clang | 1.4.2 | 69.12 | 43.77 | 112.89 | OK | |
r-devel-linux-x86_64-debian-gcc | 1.4.2 | 76.84 | 37.01 | 113.85 | OK | |
r-devel-linux-x86_64-fedora-clang | 1.4.2 | 212.02 | OK | |||
r-devel-linux-x86_64-fedora-gcc | 1.4.2 | 208.96 | NOTE | |||
r-devel-windows-ix86+x86_64 | 1.4.2 | 278.00 | 116.00 | 394.00 | OK | |
r-patched-linux-x86_64 | 1.4.2 | 76.44 | 44.63 | 121.07 | OK | |
r-patched-solaris-x86 | 1.4.2 | 213.90 | OK | |||
r-release-linux-x86_64 | 1.4.2 | 77.29 | 44.51 | 121.80 | OK | |
r-release-windows-ix86+x86_64 | 1.4.2 | 229.00 | 116.00 | 345.00 | OK | |
r-release-osx-x86_64 | 1.4.2 | OK | ||||
r-oldrel-windows-ix86+x86_64 | 1.4.2 | 285.00 | 83.00 | 368.00 | OK | |
r-oldrel-osx-x86_64 | 1.4.2 | OK |
Version: 1.4.2
Check: installed package size
Result: NOTE
installed size is 6.3Mb
sub-directories of 1Mb or more:
libs 5.8Mb
Flavor: r-devel-linux-x86_64-fedora-gcc