CRAN Package Check Results for Package GLMaSPU

Last updated on 2017-07-31 01:46:59.

Flavor Version Tinstall Tcheck Ttotal Status Flags
r-devel-linux-x86_64-debian-clang 1.0 13.53 22.68 36.21 NOTE
r-devel-linux-x86_64-debian-gcc 1.0 15.28 16.46 31.74 NOTE
r-devel-linux-x86_64-fedora-clang 1.0 58.00 NOTE
r-devel-linux-x86_64-fedora-gcc 1.0 56.70 NOTE
r-devel-windows-ix86+x86_64 1.0 59.00 65.00 124.00 OK
r-patched-linux-x86_64 1.0 14.70 22.63 37.33 NOTE
r-patched-solaris-x86 1.0 70.10 OK
r-release-linux-x86_64 1.0 14.60 22.98 37.58 NOTE
r-release-windows-ix86+x86_64 1.0 49.00 67.00 116.00 OK
r-release-osx-x86_64 1.0 OK
r-oldrel-windows-ix86+x86_64 1.0 66.00 45.00 111.00 OK
r-oldrel-osx-x86_64 1.0 OK

Check Details

Version: 1.0
Check: compiled code
Result: NOTE
    File ‘GLMaSPU/libs/GLMaSPU.so’:
     Found no calls to: ‘R_registerRoutines’, ‘R_useDynamicSymbols’
    
    It is good practice to register native routines and to disable symbol
    search.
    
    See ‘Writing portable packages’ in the ‘Writing R Extensions’ manual.
Flavors: r-devel-linux-x86_64-debian-clang, r-devel-linux-x86_64-debian-gcc, r-devel-linux-x86_64-fedora-clang, r-devel-linux-x86_64-fedora-gcc, r-patched-linux-x86_64, r-release-linux-x86_64