Last updated on 2017-07-31 01:46:59.
Flavor | Version | Tinstall | Tcheck | Ttotal | Status | Flags |
---|---|---|---|---|---|---|
r-devel-linux-x86_64-debian-clang | 2.2 | 3.33 | 54.70 | 58.03 | NOTE | |
r-devel-linux-x86_64-debian-gcc | 2.2 | 3.40 | 48.88 | 52.28 | NOTE | |
r-devel-linux-x86_64-fedora-clang | 2.2 | 109.68 | NOTE | |||
r-devel-linux-x86_64-fedora-gcc | 2.2 | 108.19 | NOTE | |||
r-devel-windows-ix86+x86_64 | 2.2 | 13.00 | 108.00 | 121.00 | NOTE | |
r-patched-linux-x86_64 | 2.2 | 3.31 | 57.00 | 60.31 | NOTE | |
r-patched-solaris-x86 | 2.2 | 160.30 | NOTE | |||
r-release-linux-x86_64 | 2.2 | 3.49 | 57.06 | 60.55 | NOTE | |
r-release-windows-ix86+x86_64 | 2.2 | 10.00 | 112.00 | 122.00 | NOTE | |
r-release-osx-x86_64 | 2.2 | NOTE | ||||
r-oldrel-windows-ix86+x86_64 | 2.2 | 12.00 | 74.00 | 86.00 | NOTE | |
r-oldrel-osx-x86_64 | 2.2 | NOTE |
Version: 2.2
Check: R code for possible problems
Result: NOTE
gpfr: no visible global function definition for ‘rnorm’
gpfr: no visible global function definition for ‘runif’
gpfrpred : <anonymous>: no visible global function definition for
‘predict’
gpfrtrain: no visible global function definition for ‘nlminb’
gppredict: no visible global function definition for ‘predict’
gpr: no visible global function definition for ‘rnorm’
gpr: no visible global function definition for ‘runif’
gpr: no visible global function definition for ‘lm’
gpr: no visible global function definition for ‘resid’
gpr: no visible global function definition for ‘nlminb’
main1: no visible global function definition for ‘lm’
main1: no visible global function definition for ‘resid’
main2 : <anonymous>: no visible global function definition for
‘predict’
main2: no visible global function definition for ‘predict’
main3: no visible global function definition for ‘lm’
main3: no visible global function definition for ‘resid’
plot.gpfr: no visible global function definition for ‘polygon’
plot.gpfr: no visible global function definition for ‘rgb’
plot.gpfr: no visible global function definition for ‘matpoints’
plot.gpfr: no visible global function definition for ‘matlines’
plot.gpfr: no visible global function definition for ‘lines’
plot.gpr: no visible global function definition for ‘plot’
plot.gpr: no visible global function definition for ‘polygon’
plot.gpr: no visible global function definition for ‘rgb’
plot.gpr: no visible global function definition for ‘points’
plot.gpr: no visible global function definition for ‘lines’
Undefined global functions or variables:
lines lm matlines matpoints nlminb plot points polygon predict resid
rgb rnorm runif
Consider adding
importFrom("grDevices", "rgb")
importFrom("graphics", "lines", "matlines", "matpoints", "plot",
"points", "polygon")
importFrom("stats", "lm", "nlminb", "predict", "resid", "rnorm",
"runif")
to your NAMESPACE file.
Flavors: r-devel-linux-x86_64-debian-clang, r-devel-linux-x86_64-debian-gcc, r-devel-linux-x86_64-fedora-clang, r-devel-linux-x86_64-fedora-gcc, r-devel-windows-ix86+x86_64, r-patched-linux-x86_64, r-patched-solaris-x86, r-release-linux-x86_64, r-release-windows-ix86+x86_64, r-release-osx-x86_64, r-oldrel-windows-ix86+x86_64, r-oldrel-osx-x86_64