Last updated on 2017-07-31 01:46:59.
Flavor | Version | Tinstall | Tcheck | Ttotal | Status | Flags |
---|---|---|---|---|---|---|
r-devel-linux-x86_64-debian-clang | 2.0.1 | 1.51 | 36.68 | 38.19 | OK | |
r-devel-linux-x86_64-debian-gcc | 2.0.1 | 1.53 | 32.73 | 34.26 | OK | |
r-devel-linux-x86_64-fedora-clang | 2.0.1 | 60.02 | OK | |||
r-devel-linux-x86_64-fedora-gcc | 2.0.1 | 59.26 | OK | |||
r-devel-windows-ix86+x86_64 | 2.0.1 | 7.00 | 74.00 | 81.00 | OK | |
r-patched-linux-x86_64 | 2.0.1 | 1.56 | 37.03 | 38.59 | OK | |
r-patched-solaris-x86 | 2.0.1 | 113.90 | OK | |||
r-release-linux-x86_64 | 2.0.1 | 1.58 | 37.35 | 38.93 | OK | |
r-release-windows-ix86+x86_64 | 2.0.1 | 6.00 | 78.00 | 84.00 | OK | |
r-release-osx-x86_64 | 2.0.1 | ERROR | ||||
r-oldrel-windows-ix86+x86_64 | 2.0.1 | 8.00 | 56.00 | 64.00 | OK | |
r-oldrel-osx-x86_64 | 2.0.1 | OK |
Version: 2.0.1
Check: package dependencies
Result: ERROR
Packages required but not available: ‘Rgraphviz’ ‘graph’
See section ‘The DESCRIPTION file’ in the ‘Writing R Extensions’
manual.
Flavor: r-release-osx-x86_64