Last updated on 2017-07-31 01:46:59.
Flavor | Version | Tinstall | Tcheck | Ttotal | Status | Flags |
---|---|---|---|---|---|---|
r-devel-linux-x86_64-debian-clang | 0.4 | 0.68 | 19.28 | 19.96 | NOTE | |
r-devel-linux-x86_64-debian-gcc | 0.4 | 0.74 | 13.56 | 14.31 | NOTE | |
r-devel-linux-x86_64-fedora-clang | 0.4 | 21.68 | NOTE | |||
r-devel-linux-x86_64-fedora-gcc | 0.4 | 21.31 | NOTE | |||
r-devel-windows-ix86+x86_64 | 0.4 | 3.00 | 38.00 | 41.00 | NOTE | |
r-patched-linux-x86_64 | 0.4 | 0.74 | 19.76 | 20.50 | NOTE | |
r-patched-solaris-x86 | 0.4 | 31.50 | NOTE | |||
r-release-linux-x86_64 | 0.4 | 0.64 | 19.67 | 20.31 | NOTE | |
r-release-windows-ix86+x86_64 | 0.4 | 2.00 | 30.00 | 32.00 | NOTE | |
r-release-osx-x86_64 | 0.4 | NOTE | ||||
r-oldrel-windows-ix86+x86_64 | 0.4 | 2.00 | 29.00 | 31.00 | NOTE | |
r-oldrel-osx-x86_64 | 0.4 | NOTE |
Version: 0.4
Check: DESCRIPTION meta-information
Result: NOTE
Malformed Description field: should contain one or more complete sentences.
Flavors: r-devel-linux-x86_64-debian-clang, r-devel-linux-x86_64-debian-gcc, r-devel-linux-x86_64-fedora-clang, r-devel-linux-x86_64-fedora-gcc, r-devel-windows-ix86+x86_64, r-patched-linux-x86_64, r-patched-solaris-x86, r-release-linux-x86_64, r-release-windows-ix86+x86_64, r-release-osx-x86_64, r-oldrel-windows-ix86+x86_64, r-oldrel-osx-x86_64
Version: 0.4
Check: R code for possible problems
Result: NOTE
.nPerms: no visible global function definition for ‘terms’
expr.dev.test: no visible global function definition for ‘terms’
expr.dev.test: no visible global function definition for ‘model.matrix’
expr.dev.test: no visible global function definition for ‘pchisq’
lancaster: no visible global function definition for ‘pgamma’
liptak: no visible global function definition for ‘pnorm’
summary.dev.test : ci: no visible global function definition for
‘qnorm’
varwiselogLik : <anonymous>: no visible global function definition for
‘deviance’
varwiselogLik.regression: no visible global function definition for
‘glm.fit’
Undefined global functions or variables:
deviance glm.fit model.matrix pchisq pgamma pnorm qnorm terms
Consider adding
importFrom("stats", "deviance", "glm.fit", "model.matrix", "pchisq",
"pgamma", "pnorm", "qnorm", "terms")
to your NAMESPACE file.
Flavors: r-devel-linux-x86_64-debian-clang, r-devel-linux-x86_64-debian-gcc, r-devel-linux-x86_64-fedora-clang, r-devel-linux-x86_64-fedora-gcc, r-devel-windows-ix86+x86_64, r-patched-linux-x86_64, r-patched-solaris-x86, r-release-linux-x86_64, r-release-windows-ix86+x86_64, r-release-osx-x86_64, r-oldrel-windows-ix86+x86_64, r-oldrel-osx-x86_64