Last updated on 2017-07-31 01:47:00.
Flavor | Version | Tinstall | Tcheck | Ttotal | Status | Flags |
---|---|---|---|---|---|---|
r-devel-linux-x86_64-debian-clang | 1.1 | 1.22 | 34.12 | 35.35 | NOTE | |
r-devel-linux-x86_64-debian-gcc | 1.1 | 1.10 | 27.60 | 28.70 | NOTE | |
r-devel-linux-x86_64-fedora-clang | 1.1 | 51.21 | NOTE | |||
r-devel-linux-x86_64-fedora-gcc | 1.1 | 50.05 | NOTE | |||
r-devel-windows-ix86+x86_64 | 1.1 | 7.00 | 71.00 | 78.00 | NOTE | |
r-patched-linux-x86_64 | 1.1 | 1.09 | 34.56 | 35.65 | NOTE | |
r-patched-solaris-x86 | 1.1 | 62.70 | NOTE | |||
r-release-linux-x86_64 | 1.1 | 1.13 | 36.02 | 37.15 | NOTE | |
r-release-windows-ix86+x86_64 | 1.1 | 5.00 | 67.00 | 72.00 | NOTE | |
r-release-osx-x86_64 | 1.1 | NOTE | ||||
r-oldrel-windows-ix86+x86_64 | 1.1 | 4.00 | 49.00 | 53.00 | NOTE | |
r-oldrel-osx-x86_64 | 1.1 | NOTE |
Version: 1.1
Check: R code for possible problems
Result: NOTE
GxMestimator: no visible global function definition for ‘na.omit’
initialization_chol: no visible global function definition for ‘cov’
initialization_corr: no visible global function definition for ‘cov’
initialization_nlmain: no visible global function definition for
‘lm.fit’
print.summaryGxMclass: no visible global function definition for
‘pnorm’
print.summaryGxMclass: no visible global function definition for
‘printCoefmat’
Undefined global functions or variables:
cov lm.fit na.omit pnorm printCoefmat
Consider adding
importFrom("stats", "cov", "lm.fit", "na.omit", "pnorm",
"printCoefmat")
to your NAMESPACE file.
Flavors: r-devel-linux-x86_64-debian-clang, r-devel-linux-x86_64-debian-gcc, r-devel-linux-x86_64-fedora-clang, r-devel-linux-x86_64-fedora-gcc, r-devel-windows-ix86+x86_64, r-patched-linux-x86_64, r-patched-solaris-x86, r-release-linux-x86_64, r-release-windows-ix86+x86_64, r-release-osx-x86_64, r-oldrel-windows-ix86+x86_64, r-oldrel-osx-x86_64