CRAN Package Check Results for Package HSAUR3

Last updated on 2017-07-31 01:47:00.

Flavor Version Tinstall Tcheck Ttotal Status Flags
r-devel-linux-x86_64-debian-clang 1.0-7 1.66 166.55 168.20 OK
r-devel-linux-x86_64-debian-gcc 1.0-7 1.56 116.51 118.07 OK
r-devel-linux-x86_64-fedora-clang 1.0-7 230.03 OK
r-devel-linux-x86_64-fedora-gcc 1.0-7 227.56 OK
r-devel-windows-ix86+x86_64 1.0-7 17.00 70.00 87.00 OK --no-vignettes
r-patched-linux-x86_64 1.0-7 1.66 168.65 170.31 OK
r-patched-solaris-x86 1.0-7 295.90 NOTE
r-release-linux-x86_64 1.0-7 1.55 169.60 171.16 OK
r-release-windows-ix86+x86_64 1.0-7 6.00 76.00 82.00 OK --no-vignettes
r-release-osx-x86_64 1.0-7 NOTE
r-oldrel-windows-ix86+x86_64 1.0-7 15.00 70.00 85.00 OK --no-vignettes
r-oldrel-osx-x86_64 1.0-7 OK

Check Details

Version: 1.0-7
Check: installed package size
Result: NOTE
     installed size is 5.5Mb
     sub-directories of 1Mb or more:
     doc 4.0Mb
Flavor: r-patched-solaris-x86

Version: 1.0-7
Check: re-building of vignette outputs
Result: NOTE
    Error in re-building vignettes:
     ...
    
    The following object is masked from 'package:MASS':
    
     geyser
    
    The following object is masked from 'package:HSAUR3':
    
     birds
    
    Error in texi2dvi(file = file, pdf = TRUE, clean = clean, quiet = quiet, :
     Running 'texi2dvi' on 'Ch_analysing_longitudinal_dataI.tex' failed.
    LaTeX errors:
    ! LaTeX Error: File `relsize.sty' not found.
    
    Type X to quit or <RETURN> to proceed,
    or enter new name. (Default extension: sty)
    
    ! Emergency stop.
    <read *>
    
    l.29 ^^M
    
    ! ==> Fatal error occurred, no output PDF file produced!
    Calls: buildVignettes -> texi2pdf -> texi2dvi
    Execution halted
Flavor: r-release-osx-x86_64