Last updated on 2017-07-31 01:47:01.
Flavor | Version | Tinstall | Tcheck | Ttotal | Status | Flags |
---|---|---|---|---|---|---|
r-devel-linux-x86_64-debian-clang | 0.6 | 4.28 | 53.24 | 57.52 | NOTE | |
r-devel-linux-x86_64-debian-gcc | 0.6 | 3.90 | 48.91 | 52.82 | NOTE | |
r-devel-linux-x86_64-fedora-clang | 0.6 | 112.66 | NOTE | |||
r-devel-linux-x86_64-fedora-gcc | 0.6 | 110.67 | NOTE | |||
r-devel-windows-ix86+x86_64 | 0.6 | 19.00 | 108.00 | 127.00 | NOTE | |
r-patched-linux-x86_64 | 0.6 | 4.19 | 54.42 | 58.60 | NOTE | |
r-patched-solaris-x86 | 0.6 | 162.00 | NOTE | |||
r-release-linux-x86_64 | 0.6 | 4.30 | 56.08 | 60.38 | NOTE | |
r-release-windows-ix86+x86_64 | 0.6 | 21.00 | 109.00 | 130.00 | NOTE | |
r-release-osx-x86_64 | 0.6 | NOTE | ||||
r-oldrel-windows-ix86+x86_64 | 0.6 | 18.00 | 79.00 | 97.00 | NOTE | |
r-oldrel-osx-x86_64 | 0.6 | NOTE |
Version: 0.6
Check: package namespace information
Result: NOTE
Namespace with empty importFrom: ‘miscTools’
Flavors: r-devel-linux-x86_64-debian-clang, r-devel-linux-x86_64-debian-gcc, r-devel-linux-x86_64-fedora-clang, r-devel-linux-x86_64-fedora-gcc, r-devel-windows-ix86+x86_64, r-patched-linux-x86_64, r-patched-solaris-x86, r-release-linux-x86_64, r-release-windows-ix86+x86_64, r-release-osx-x86_64, r-oldrel-windows-ix86+x86_64, r-oldrel-osx-x86_64
Version: 0.6
Check: R code for possible problems
Result: NOTE
add.data: no visible global function definition for ‘points’
add.data: no visible global function definition for ‘lines’
alpha.risk : risco: no visible global function definition for ‘ptukey’
cchart.R: no visible global function definition for ‘mtext’
cchart.R: no visible global function definition for ‘qtukey’
cchart.S: no visible global function definition for ‘qchisq’
cchart.T2.1: no visible global function definition for ‘qbeta’
cchart.T2.1: no visible global function definition for ‘plot’
cchart.T2.1: no visible global function definition for ‘qf’
cchart.T2.1: no visible global function definition for ‘lines’
cchart.T2.1: no visible global function definition for ‘mtext’
cchart.T2.1: no visible global function definition for ‘abline’
cchart.T2.2: no visible global function definition for ‘qf’
cchart.T2.2: no visible global function definition for ‘plot’
cchart.T2.2: no visible global function definition for ‘title’
cchart.T2.2: no visible global function definition for ‘mtext’
cchart.T2.2: no visible global function definition for ‘abline’
cchart.T2.2: no visible global function definition for ‘axis’
cchart.T2.2: no visible global function definition for ‘lines’
cchart.Xbar_R: no visible global function definition for ‘par’
d2: no visible global function definition for ‘integrate’
d2 : <anonymous>: no visible global function definition for ‘ptukey’
d3: no visible global function definition for ‘integrate’
d3 : <anonymous>: no visible global function definition for ‘ptukey’
table.qtukey : a: no visible global function definition for ‘qtukey’
table.qtukey : b: no visible global function definition for ‘qtukey’
table.qtukey : g: no visible global function definition for ‘qtukey’
table.qtukey : d: no visible global function definition for ‘qtukey’
Undefined global functions or variables:
abline axis integrate lines mtext par plot points ptukey qbeta qchisq
qf qtukey title
Consider adding
importFrom("graphics", "abline", "axis", "lines", "mtext", "par",
"plot", "points", "title")
importFrom("stats", "integrate", "ptukey", "qbeta", "qchisq", "qf",
"qtukey")
to your NAMESPACE file.
Flavors: r-devel-linux-x86_64-debian-clang, r-devel-linux-x86_64-debian-gcc, r-devel-linux-x86_64-fedora-clang, r-devel-linux-x86_64-fedora-gcc, r-devel-windows-ix86+x86_64, r-patched-linux-x86_64, r-patched-solaris-x86, r-release-linux-x86_64, r-release-windows-ix86+x86_64, r-release-osx-x86_64, r-oldrel-windows-ix86+x86_64, r-oldrel-osx-x86_64