CRAN Package Check Results for Package JRF

Last updated on 2017-07-31 01:47:02.

Flavor Version Tinstall Tcheck Ttotal Status Flags
r-devel-linux-x86_64-debian-clang 0.1-4 1.40 20.79 22.19 NOTE
r-devel-linux-x86_64-debian-gcc 0.1-4 1.42 14.28 15.70 NOTE
r-devel-linux-x86_64-fedora-clang 0.1-4 26.53 NOTE
r-devel-linux-x86_64-fedora-gcc 0.1-4 25.01 NOTE
r-devel-windows-ix86+x86_64 0.1-4 13.00 50.00 63.00 OK
r-patched-linux-x86_64 0.1-4 1.46 20.27 21.73 NOTE
r-patched-solaris-x86 0.1-4 38.20 OK
r-release-linux-x86_64 0.1-4 1.44 20.74 22.18 NOTE
r-release-windows-ix86+x86_64 0.1-4 8.00 47.00 55.00 OK
r-release-osx-x86_64 0.1-4 OK
r-oldrel-windows-ix86+x86_64 0.1-4 10.00 35.00 45.00 OK
r-oldrel-osx-x86_64 0.1-4 OK

Check Details

Version: 0.1-4
Check: compiled code
Result: NOTE
    File ‘JRF/libs/JRF.so’:
     Found no calls to: ‘R_registerRoutines’, ‘R_useDynamicSymbols’
    
    It is good practice to register native routines and to disable symbol
    search.
    
    See ‘Writing portable packages’ in the ‘Writing R Extensions’ manual.
Flavors: r-devel-linux-x86_64-debian-clang, r-devel-linux-x86_64-debian-gcc, r-devel-linux-x86_64-fedora-clang, r-devel-linux-x86_64-fedora-gcc, r-patched-linux-x86_64, r-release-linux-x86_64