Last updated on 2017-07-31 01:47:02.
Flavor | Version | Tinstall | Tcheck | Ttotal | Status | Flags |
---|---|---|---|---|---|---|
r-devel-linux-x86_64-debian-clang | 0.1.1 | 137.92 | 140.84 | 278.76 | OK | |
r-devel-linux-x86_64-debian-gcc | 0.1.1 | 138.71 | 129.16 | 267.87 | OK | |
r-devel-linux-x86_64-fedora-clang | 0.1.1 | 563.81 | NOTE | |||
r-devel-linux-x86_64-fedora-gcc | 0.1.1 | 513.00 | NOTE | |||
r-devel-windows-ix86+x86_64 | 0.1.1 | 473.00 | 452.00 | 925.00 | OK | |
r-patched-linux-x86_64 | 0.1.1 | 135.49 | 126.12 | 261.62 | OK | |
r-patched-solaris-x86 | 0.1.1 | 609.80 | OK | |||
r-release-linux-x86_64 | 0.1.1 | 134.07 | 134.40 | 268.47 | OK | |
r-release-windows-ix86+x86_64 | 0.1.1 | 394.00 | 451.00 | 845.00 | OK | |
r-release-osx-x86_64 | 0.1.1 | NOTE | ||||
r-oldrel-windows-ix86+x86_64 | 0.1.1 | 494.00 | 381.00 | 875.00 | OK | |
r-oldrel-osx-x86_64 | 0.1.1 | NOTE |
Version: 0.1.1
Check: installed package size
Result: NOTE
installed size is 19.1Mb
sub-directories of 1Mb or more:
libs 18.8Mb
Flavors: r-devel-linux-x86_64-fedora-clang, r-devel-linux-x86_64-fedora-gcc, r-release-osx-x86_64, r-oldrel-osx-x86_64