Last updated on 2017-07-31 01:47:04.
Flavor | Version | Tinstall | Tcheck | Ttotal | Status | Flags |
---|---|---|---|---|---|---|
r-devel-linux-x86_64-debian-clang | 0.10 | 1.52 | 41.96 | 43.48 | OK | |
r-devel-linux-x86_64-debian-gcc | 0.10 | 1.40 | 33.34 | 34.74 | OK | |
r-devel-linux-x86_64-fedora-clang | 0.10 | 60.63 | OK | |||
r-devel-linux-x86_64-fedora-gcc | 0.10 | 59.37 | OK | |||
r-devel-windows-ix86+x86_64 | 0.10 | 8.00 | 88.00 | 96.00 | OK | |
r-patched-linux-x86_64 | 0.10 | 1.67 | 40.59 | 42.26 | OK | |
r-patched-solaris-x86 | 0.10 | 75.60 | OK | |||
r-release-linux-x86_64 | 0.10 | 1.56 | 41.87 | 43.44 | OK | |
r-release-windows-ix86+x86_64 | 0.10 | 7.00 | 90.00 | 97.00 | OK | |
r-release-osx-x86_64 | 0.10 | NOTE | ||||
r-oldrel-windows-ix86+x86_64 | 0.10 | 9.00 | 61.00 | 70.00 | OK | |
r-oldrel-osx-x86_64 | 0.10 | OK |
Version: 0.10
Check: package dependencies
Result: NOTE
Package suggested but not available for checking: ‘RNetCDF’
Flavor: r-release-osx-x86_64