CRAN Package Check Results for Package MFHD

Last updated on 2017-07-31 01:47:05.

Flavor Version Tinstall Tcheck Ttotal Status Flags
r-devel-linux-x86_64-debian-clang 0.0.1 2.88 60.21 63.09 NOTE
r-devel-linux-x86_64-debian-gcc 0.0.1 2.89 53.03 55.92 NOTE
r-devel-linux-x86_64-fedora-clang 0.0.1 112.65 NOTE
r-devel-linux-x86_64-fedora-gcc 0.0.1 111.37 NOTE
r-devel-windows-ix86+x86_64 0.0.1 11.00 119.00 130.00 NOTE
r-patched-linux-x86_64 0.0.1 3.02 56.73 59.75 NOTE
r-patched-solaris-x86 0.0.1 157.10 NOTE
r-release-linux-x86_64 0.0.1 3.09 58.00 61.10 NOTE
r-release-windows-ix86+x86_64 0.0.1 15.00 130.00 145.00 NOTE
r-release-osx-x86_64 0.0.1 NOTE
r-oldrel-windows-ix86+x86_64 0.0.1 11.00 85.00 96.00 NOTE
r-oldrel-osx-x86_64 0.0.1 WARN

Check Details

Version: 0.0.1
Check: R code for possible problems
Result: NOTE
    MFHD: no visible global function definition for ‘complete.cases’
    MFHD: no visible global function definition for ‘quantile’
    PIT: no visible global function definition for ‘xy.coords’
    PIT: no visible global function definition for ‘identify’
    PIT: no visible global function definition for ‘points’
    mfhd_compute.bagplot : cut.z.pg: no visible global function definition
     for ‘segments’
    mfhd_compute.bagplot : cut.z.pg: no visible global function definition
     for ‘points’
    mfhd_compute.bagplot : find.cut.z.pg: no visible global function
     definition for ‘plot’
    mfhd_compute.bagplot : find.cut.z.pg: no visible global function
     definition for ‘points’
    mfhd_compute.bagplot : find.cut.z.pg: no visible global function
     definition for ‘lines’
    mfhd_compute.bagplot : expand.hull: no visible global function
     definition for ‘chull’
    mfhd_compute.bagplot: no visible global function definition for
     ‘prcomp’
    mfhd_compute.bagplot: no visible binding for global variable ‘sd’
    mfhd_compute.bagplot: no visible global function definition for ‘plot’
    mfhd_compute.bagplot: no visible global function definition for
     ‘segments’
    mfhd_compute.bagplot: no visible global function definition for ‘text’
    mfhd_compute.bagplot: no visible global function definition for ‘chull’
    mfhd_compute.bagplot: no visible global function definition for
     ‘points’
    mfhd_compute.bagplot: no visible global function definition for ‘lines’
    plot.bagplot : cut.z.pg: no visible global function definition for
     ‘segments’
    plot.bagplot : cut.z.pg: no visible global function definition for
     ‘points’
    plot.bagplot : find.cut.z.pg: no visible global function definition for
     ‘plot’
    plot.bagplot : find.cut.z.pg: no visible global function definition for
     ‘points’
    plot.bagplot : find.cut.z.pg: no visible global function definition for
     ‘lines’
    plot.bagplot: no visible global function definition for ‘boxplot’
    plot.bagplot: no visible global function definition for ‘plot’
    plot.bagplot: no visible global function definition for ‘points’
    plot.bagplot: no visible global function definition for ‘segments’
    plot.bagplot: no visible global function definition for ‘text’
    plot.bagplot: no visible global function definition for ‘lines’
    plot.bagplot: no visible global function definition for ‘polygon’
    Undefined global functions or variables:
     boxplot chull complete.cases identify lines plot points polygon
     prcomp quantile sd segments text xy.coords
    Consider adding
     importFrom("grDevices", "chull", "xy.coords")
     importFrom("graphics", "boxplot", "identify", "lines", "plot",
     "points", "polygon", "segments", "text")
     importFrom("stats", "complete.cases", "prcomp", "quantile", "sd")
    to your NAMESPACE file.
Flavors: r-devel-linux-x86_64-debian-clang, r-devel-linux-x86_64-debian-gcc, r-devel-linux-x86_64-fedora-clang, r-devel-linux-x86_64-fedora-gcc, r-devel-windows-ix86+x86_64, r-patched-linux-x86_64, r-patched-solaris-x86, r-release-linux-x86_64, r-release-windows-ix86+x86_64, r-release-osx-x86_64, r-oldrel-windows-ix86+x86_64

Version: 0.0.1
Check: whether package can be installed
Result: WARN
    Found the following significant warnings:
     Warning: 'rgl_init' failed, running with rgl.useNULL = TRUE
Flavor: r-oldrel-osx-x86_64

Version: 0.0.1
Check: dependencies in R code
Result: NOTE
    Invalid MIT-MAGIC-COOKIE-1 key
Flavor: r-oldrel-osx-x86_64

Version: 0.0.1
Check: S3 generic/method consistency
Result: WARN
    Invalid MIT-MAGIC-COOKIE-1 key
    See section ‘Generic functions and methods’ in the ‘Writing R
    Extensions’ manual.
Flavor: r-oldrel-osx-x86_64

Version: 0.0.1
Check: replacement functions
Result: WARN
    Invalid MIT-MAGIC-COOKIE-1 key
    The argument of a replacement function which corresponds to the right
    hand side must be named ‘value’.
Flavor: r-oldrel-osx-x86_64

Version: 0.0.1
Check: foreign function calls
Result: NOTE
    Invalid MIT-MAGIC-COOKIE-1 key
    See chapter ‘System and foreign language interfaces’ in the ‘Writing R
    Extensions’ manual.
Flavor: r-oldrel-osx-x86_64

Version: 0.0.1
Check: R code for possible problems
Result: NOTE
    Invalid MIT-MAGIC-COOKIE-1 keyMFHD: no visible global function definition for ‘complete.cases’
    MFHD: no visible global function definition for ‘quantile’
    PIT: no visible global function definition for ‘xy.coords’
    PIT: no visible global function definition for ‘identify’
    PIT: no visible global function definition for ‘points’
    mfhd_compute.bagplot : cut.z.pg: no visible global function definition
     for ‘segments’
    mfhd_compute.bagplot : cut.z.pg: no visible global function definition
     for ‘points’
    mfhd_compute.bagplot : find.cut.z.pg: no visible global function
     definition for ‘plot’
    mfhd_compute.bagplot : find.cut.z.pg: no visible global function
     definition for ‘points’
    mfhd_compute.bagplot : find.cut.z.pg: no visible global function
     definition for ‘lines’
    mfhd_compute.bagplot : expand.hull: no visible global function
     definition for ‘chull’
    mfhd_compute.bagplot: no visible global function definition for
     ‘prcomp’
    mfhd_compute.bagplot: no visible binding for global variable ‘sd’
    mfhd_compute.bagplot: no visible global function definition for ‘plot’
    mfhd_compute.bagplot: no visible global function definition for
     ‘segments’
    mfhd_compute.bagplot: no visible global function definition for ‘text’
    mfhd_compute.bagplot: no visible global function definition for ‘chull’
    mfhd_compute.bagplot: no visible global function definition for
     ‘points’
    mfhd_compute.bagplot: no visible global function definition for ‘lines’
    plot.bagplot : cut.z.pg: no visible global function definition for
     ‘segments’
    plot.bagplot : cut.z.pg: no visible global function definition for
     ‘points’
    plot.bagplot : find.cut.z.pg: no visible global function definition for
     ‘plot’
    plot.bagplot : find.cut.z.pg: no visible global function definition for
     ‘points’
    plot.bagplot : find.cut.z.pg: no visible global function definition for
     ‘lines’
    plot.bagplot: no visible global function definition for ‘boxplot’
    plot.bagplot: no visible global function definition for ‘plot’
    plot.bagplot: no visible global function definition for ‘points’
    plot.bagplot: no visible global function definition for ‘segments’
    plot.bagplot: no visible global function definition for ‘text’
    plot.bagplot: no visible global function definition for ‘lines’
    plot.bagplot: no visible global function definition for ‘polygon’
    Undefined global functions or variables:
     boxplot chull complete.cases identify lines plot points polygon
     prcomp quantile sd segments text xy.coords
    Consider adding
     importFrom("grDevices", "chull", "xy.coords")
     importFrom("graphics", "boxplot", "identify", "lines", "plot",
     "points", "polygon", "segments", "text")
     importFrom("stats", "complete.cases", "prcomp", "quantile", "sd")
    to your NAMESPACE file.
Flavor: r-oldrel-osx-x86_64

Version: 0.0.1
Check: for missing documentation entries
Result: WARN
    Invalid MIT-MAGIC-COOKIE-1 key
    All user-level objects in a package should have documentation entries.
    See chapter ‘Writing R documentation files’ in the ‘Writing R
    Extensions’ manual.
Flavor: r-oldrel-osx-x86_64

Version: 0.0.1
Check: for code/documentation mismatches
Result: WARN
    Invalid MIT-MAGIC-COOKIE-1 key
    Invalid MIT-MAGIC-COOKIE-1 key
    Invalid MIT-MAGIC-COOKIE-1 key
Flavor: r-oldrel-osx-x86_64

Version: 0.0.1
Check: Rd \usage sections
Result: NOTE
    Invalid MIT-MAGIC-COOKIE-1 key
    The \usage entries for S3 methods should use the \method markup and not
    their full name.
    See chapter ‘Writing R documentation files’ in the ‘Writing R
    Extensions’ manual.
Flavor: r-oldrel-osx-x86_64