CRAN Package Check Results for Package MLmetrics

Last updated on 2017-07-31 01:47:06.

Flavor Version Tinstall Tcheck Ttotal Status Flags
r-devel-linux-x86_64-debian-clang 1.1.1 0.69 20.66 21.35 OK
r-devel-linux-x86_64-debian-gcc 1.1.1 0.69 14.25 14.94 OK
r-devel-linux-x86_64-fedora-clang 1.1.1 22.89 NOTE
r-devel-linux-x86_64-fedora-gcc 1.1.1 21.92 NOTE
r-devel-windows-ix86+x86_64 1.1.1 4.00 38.00 42.00 OK
r-patched-linux-x86_64 1.1.1 0.72 21.19 21.90 OK
r-patched-solaris-x86 1.1.1 34.90 NOTE
r-release-linux-x86_64 1.1.1 0.75 21.21 21.95 OK
r-release-windows-ix86+x86_64 1.1.1 3.00 40.00 43.00 OK
r-release-osx-x86_64 1.1.1 NOTE
r-oldrel-windows-ix86+x86_64 1.1.1 4.00 28.00 32.00 OK
r-oldrel-osx-x86_64 1.1.1 NOTE

Check Details

Version: 1.1.1
Check: dependencies in R code
Result: NOTE
    Namespace in Imports field not imported from: ‘utils’
     All declared Imports should be used.
Flavors: r-devel-linux-x86_64-fedora-clang, r-devel-linux-x86_64-fedora-gcc, r-patched-solaris-x86, r-release-osx-x86_64, r-oldrel-osx-x86_64