CRAN Package Check Results for Package MPDiR

Last updated on 2017-07-31 01:47:06.

Flavor Version Tinstall Tcheck Ttotal Status Flags
r-devel-linux-x86_64-debian-clang 0.1-16 0.88 23.50 24.38 NOTE
r-devel-linux-x86_64-debian-gcc 0.1-16 0.90 16.64 17.54 NOTE
r-devel-linux-x86_64-fedora-clang 0.1-16 24.63 NOTE
r-devel-linux-x86_64-fedora-gcc 0.1-16 23.85 NOTE
r-devel-windows-ix86+x86_64 0.1-16 8.00 46.00 54.00 NOTE
r-patched-linux-x86_64 0.1-16 0.96 23.15 24.11 NOTE
r-patched-solaris-x86 0.1-16 34.40 NOTE
r-release-linux-x86_64 0.1-16 0.94 23.39 24.33 NOTE
r-release-windows-ix86+x86_64 0.1-16 5.00 43.00 48.00 NOTE
r-release-osx-x86_64 0.1-16 NOTE
r-oldrel-windows-ix86+x86_64 0.1-16 4.00 30.00 34.00 NOTE
r-oldrel-osx-x86_64 0.1-16 NOTE

Check Details

Version: 0.1-16
Check: DESCRIPTION meta-information
Result: NOTE
    Malformed Title field: should not end in a period.
Flavors: r-devel-linux-x86_64-debian-clang, r-devel-linux-x86_64-debian-gcc, r-devel-linux-x86_64-fedora-clang, r-devel-linux-x86_64-fedora-gcc, r-devel-windows-ix86+x86_64, r-patched-linux-x86_64, r-patched-solaris-x86, r-release-linux-x86_64, r-release-windows-ix86+x86_64, r-release-osx-x86_64, r-oldrel-windows-ix86+x86_64, r-oldrel-osx-x86_64

Version: 0.1-16
Check: R code for possible problems
Result: NOTE
    binom.diagnostics: no visible global function definition for ‘family’
    binom.diagnostics: no visible global function definition for ‘fitted’
    binom.diagnostics: no visible global function definition for ‘formula’
    binom.diagnostics : <anonymous>: no visible global function definition
     for ‘rbinom’
    binom.diagnostics : <anonymous>: no visible global function definition
     for ‘fitted’
    binom.diagnostics : <anonymous>: no visible global function definition
     for ‘glm’
    binom.diagnostics : <anonymous>: no visible global function definition
     for ‘residuals’
    binom.diagnostics: no visible global function definition for
     ‘residuals’
    lnorm: no visible global function definition for ‘pnorm’
    lpois: no visible global function definition for ‘ppois’
    panel.psyfun: no visible global function definition for ‘glm’
    panel.psyfun: no visible global function definition for ‘binomial’
    panel.psyfun: no visible global function definition for ‘predict’
    plot.binom.diag: no visible global function definition for ‘par’
    plot.binom.diag: no visible global function definition for ‘plot’
    plot.binom.diag: no visible global function definition for ‘lines’
    plot.binom.diag: no visible global function definition for ‘hist’
    plot.binom.diag: no visible global function definition for ‘abline’
    psyfun.boot: no visible global function definition for ‘fitted’
    psyfun.boot: no visible global function definition for ‘rbinom’
    psyfun.boot : <anonymous>: no visible global function definition for
     ‘glm’
    psyfun.boot : <anonymous>: no visible global function definition for
     ‘binomial’
    psyfun.boot : <anonymous>: no visible global function definition for
     ‘coef’
    thresh.est: no visible global function definition for ‘coef’
    thresh.est: no visible global function definition for ‘qnorm’
    Undefined global functions or variables:
     abline binomial coef family fitted formula glm hist lines par plot
     pnorm ppois predict qnorm rbinom residuals
    Consider adding
     importFrom("graphics", "abline", "hist", "lines", "par", "plot")
     importFrom("stats", "binomial", "coef", "family", "fitted", "formula",
     "glm", "pnorm", "ppois", "predict", "qnorm", "rbinom",
     "residuals")
    to your NAMESPACE file.
Flavors: r-devel-linux-x86_64-debian-clang, r-devel-linux-x86_64-debian-gcc, r-devel-linux-x86_64-fedora-clang, r-devel-linux-x86_64-fedora-gcc, r-devel-windows-ix86+x86_64, r-patched-linux-x86_64, r-patched-solaris-x86, r-release-linux-x86_64, r-release-windows-ix86+x86_64, r-release-osx-x86_64, r-oldrel-windows-ix86+x86_64, r-oldrel-osx-x86_64