CRAN Package Check Results for Package MSGLasso

Last updated on 2017-07-31 01:47:07.

Flavor Version Tinstall Tcheck Ttotal Status Flags
r-devel-linux-x86_64-debian-clang 2.1 1.59 18.37 19.96 NOTE
r-devel-linux-x86_64-debian-gcc 2.1 1.36 13.87 15.23 NOTE
r-devel-linux-x86_64-fedora-clang 2.1 22.59 NOTE
r-devel-linux-x86_64-fedora-gcc 2.1 21.31 NOTE
r-devel-windows-ix86+x86_64 2.1 12.00 37.00 49.00 OK
r-patched-linux-x86_64 2.1 1.33 18.45 19.78 NOTE
r-patched-solaris-x86 2.1 31.30 OK
r-release-linux-x86_64 2.1 1.28 18.85 20.12 NOTE
r-release-windows-ix86+x86_64 2.1 6.00 28.00 34.00 OK
r-release-osx-x86_64 2.1 OK
r-oldrel-windows-ix86+x86_64 2.1 6.00 32.00 38.00 OK
r-oldrel-osx-x86_64 2.1 OK

Check Details

Version: 2.1
Check: compiled code
Result: NOTE
    File ‘MSGLasso/libs/MSGLasso.so’:
     Found no calls to: ‘R_registerRoutines’, ‘R_useDynamicSymbols’
    
    It is good practice to register native routines and to disable symbol
    search.
    
    See ‘Writing portable packages’ in the ‘Writing R Extensions’ manual.
Flavors: r-devel-linux-x86_64-debian-clang, r-devel-linux-x86_64-debian-gcc, r-devel-linux-x86_64-fedora-clang, r-devel-linux-x86_64-fedora-gcc, r-patched-linux-x86_64, r-release-linux-x86_64