CRAN Package Check Results for Package NestedCategBayesImpute

Last updated on 2017-07-31 01:47:07.

Flavor Version Tinstall Tcheck Ttotal Status Flags
r-devel-linux-x86_64-debian-clang 1.0.0 24.09 33.61 57.70 NOTE
r-devel-linux-x86_64-debian-gcc 1.0.0 24.27 26.96 51.23 NOTE
r-devel-linux-x86_64-fedora-clang 1.0.0 99.20 NOTE
r-devel-linux-x86_64-fedora-gcc 1.0.0 88.84 NOTE
r-devel-windows-ix86+x86_64 1.0.0 92.00 100.00 192.00 OK
r-patched-linux-x86_64 1.0.0 23.38 33.20 56.57 NOTE
r-patched-solaris-x86 1.0.0 108.50 OK
r-release-linux-x86_64 1.0.0 23.46 33.82 57.29 NOTE
r-release-windows-ix86+x86_64 1.0.0 77.00 106.00 183.00 OK
r-release-osx-x86_64 1.0.0 OK
r-oldrel-windows-ix86+x86_64 1.0.0 97.00 68.00 165.00 OK
r-oldrel-osx-x86_64 1.0.0 OK

Check Details

Version: 1.0.0
Check: compiled code
Result: NOTE
    File ‘NestedCategBayesImpute/libs/NestedCategBayesImpute.so’:
     Found no calls to: ‘R_registerRoutines’, ‘R_useDynamicSymbols’
    
    It is good practice to register native routines and to disable symbol
    search.
    
    See ‘Writing portable packages’ in the ‘Writing R Extensions’ manual.
Flavors: r-devel-linux-x86_64-debian-clang, r-devel-linux-x86_64-debian-gcc, r-devel-linux-x86_64-fedora-clang, r-devel-linux-x86_64-fedora-gcc, r-patched-linux-x86_64, r-release-linux-x86_64