CRAN Package Check Results for Package NetPreProc

Last updated on 2017-07-31 01:47:07.

Flavor Version Tinstall Tcheck Ttotal Status Flags
r-devel-linux-x86_64-debian-clang 1.1 1.81 30.25 32.06 NOTE
r-devel-linux-x86_64-debian-gcc 1.1 1.81 23.08 24.88 NOTE
r-devel-linux-x86_64-fedora-clang 1.1 44.54 NOTE
r-devel-linux-x86_64-fedora-gcc 1.1 43.70 NOTE
r-devel-windows-ix86+x86_64 1.1 15.00 79.00 94.00 OK
r-patched-linux-x86_64 1.1 1.77 30.53 32.30 NOTE
r-patched-solaris-x86 1.1 61.90 OK
r-release-linux-x86_64 1.1 1.74 31.29 33.03 NOTE
r-release-windows-ix86+x86_64 1.1 7.00 59.00 66.00 OK
r-release-osx-x86_64 1.1 ERROR
r-oldrel-windows-ix86+x86_64 1.1 6.00 54.00 60.00 OK
r-oldrel-osx-x86_64 1.1 OK

Check Details

Version: 1.1
Check: compiled code
Result: NOTE
    File ‘NetPreProc/libs/NetPreProc.so’:
     Found no calls to: ‘R_registerRoutines’, ‘R_useDynamicSymbols’
    
    It is good practice to register native routines and to disable symbol
    search.
    
    See ‘Writing portable packages’ in the ‘Writing R Extensions’ manual.
Flavors: r-devel-linux-x86_64-debian-clang, r-devel-linux-x86_64-debian-gcc, r-devel-linux-x86_64-fedora-clang, r-devel-linux-x86_64-fedora-gcc, r-patched-linux-x86_64, r-release-linux-x86_64

Version: 1.1
Check: package dependencies
Result: ERROR
    Package required but not available: ‘graph’
    
    See section ‘The DESCRIPTION file’ in the ‘Writing R Extensions’
    manual.
Flavor: r-release-osx-x86_64