Last updated on 2017-07-31 01:47:09.
Flavor | Version | Tinstall | Tcheck | Ttotal | Status | Flags |
---|---|---|---|---|---|---|
r-devel-linux-x86_64-debian-clang | 1.0 | 1.31 | 22.80 | 24.11 | OK | |
r-devel-linux-x86_64-debian-gcc | 1.0 | 1.37 | 16.38 | 17.75 | OK | |
r-devel-linux-x86_64-fedora-clang | 1.0 | 29.60 | NOTE | |||
r-devel-linux-x86_64-fedora-gcc | 1.0 | 28.89 | NOTE | |||
r-devel-windows-ix86+x86_64 | 1.0 | 7.00 | 44.00 | 51.00 | NOTE | |
r-patched-linux-x86_64 | 1.0 | 1.23 | 22.88 | 24.10 | OK | |
r-patched-solaris-x86 | 1.0 | 43.50 | NOTE | |||
r-release-linux-x86_64 | 1.0 | 1.10 | 23.56 | 24.66 | OK | |
r-release-windows-ix86+x86_64 | 1.0 | 5.00 | 44.00 | 49.00 | NOTE | |
r-release-osx-x86_64 | 1.0 | NOTE | ||||
r-oldrel-windows-ix86+x86_64 | 1.0 | 7.00 | 33.00 | 40.00 | NOTE | |
r-oldrel-osx-x86_64 | 1.0 | NOTE |
Version: 1.0
Check: installed package size
Result: NOTE
installed size is 5.8Mb
sub-directories of 1Mb or more:
extdata 5.7Mb
Flavors: r-devel-linux-x86_64-fedora-clang, r-devel-linux-x86_64-fedora-gcc, r-devel-windows-ix86+x86_64, r-patched-solaris-x86, r-release-windows-ix86+x86_64, r-release-osx-x86_64, r-oldrel-windows-ix86+x86_64, r-oldrel-osx-x86_64