Last updated on 2017-07-31 01:47:09.
Flavor | Version | Tinstall | Tcheck | Ttotal | Status | Flags |
---|---|---|---|---|---|---|
r-devel-linux-x86_64-debian-clang | 0.1 | 1.51 | 28.44 | 29.95 | NOTE | |
r-devel-linux-x86_64-debian-gcc | 0.1 | 1.48 | 19.82 | 21.29 | NOTE | |
r-devel-linux-x86_64-fedora-clang | 0.1 | 35.45 | NOTE | |||
r-devel-linux-x86_64-fedora-gcc | 0.1 | 34.00 | NOTE | |||
r-devel-windows-ix86+x86_64 | 0.1 | 14.00 | 70.00 | 84.00 | OK | |
r-patched-linux-x86_64 | 0.1 | 1.56 | 26.57 | 28.13 | NOTE | |
r-patched-solaris-x86 | 0.1 | 54.60 | OK | |||
r-release-linux-x86_64 | 0.1 | 1.57 | 27.38 | 28.95 | NOTE | |
r-release-windows-ix86+x86_64 | 0.1 | 17.00 | 68.00 | 85.00 | OK | |
r-release-osx-x86_64 | 0.1 | OK | ||||
r-oldrel-windows-ix86+x86_64 | 0.1 | 14.00 | 51.00 | 65.00 | OK | |
r-oldrel-osx-x86_64 | 0.1 | OK |
Version: 0.1
Check: compiled code
Result: NOTE
File ‘PCA4TS/libs/PCA4TS.so’:
Found no calls to: ‘R_registerRoutines’, ‘R_useDynamicSymbols’
It is good practice to register native routines and to disable symbol
search.
See ‘Writing portable packages’ in the ‘Writing R Extensions’ manual.
Flavors: r-devel-linux-x86_64-debian-clang, r-devel-linux-x86_64-debian-gcc, r-devel-linux-x86_64-fedora-clang, r-devel-linux-x86_64-fedora-gcc, r-patched-linux-x86_64, r-release-linux-x86_64