CRAN Package Check Results for Package PPtreeViz

Last updated on 2017-07-31 01:47:18.

Flavor Version Tinstall Tcheck Ttotal Status Flags
r-devel-linux-x86_64-debian-clang 2.0.1 16.99 49.32 66.31 NOTE
r-devel-linux-x86_64-debian-gcc 2.0.1 18.31 43.00 61.30 NOTE
r-devel-linux-x86_64-fedora-clang 2.0.1 132.56 NOTE
r-devel-linux-x86_64-fedora-gcc 2.0.1 131.39 NOTE
r-devel-windows-ix86+x86_64 2.0.1 68.00 145.00 213.00 OK
r-patched-linux-x86_64 2.0.1 18.16 50.10 68.27 NOTE
r-patched-solaris-x86 2.0.1 155.70 NOTE
r-release-linux-x86_64 2.0.1 18.67 51.85 70.52 NOTE
r-release-windows-ix86+x86_64 2.0.1 52.00 147.00 199.00 OK
r-release-osx-x86_64 2.0.1 NOTE
r-oldrel-windows-ix86+x86_64 2.0.1 66.00 96.00 162.00 OK
r-oldrel-osx-x86_64 2.0.1 NOTE

Check Details

Version: 2.0.1
Check: compiled code
Result: NOTE
    File ‘PPtreeViz/libs/PPtreeViz.so’:
     Found no calls to: ‘R_registerRoutines’, ‘R_useDynamicSymbols’
    
    It is good practice to register native routines and to disable symbol
    search.
    
    See ‘Writing portable packages’ in the ‘Writing R Extensions’ manual.
Flavors: r-devel-linux-x86_64-debian-clang, r-devel-linux-x86_64-debian-gcc, r-devel-linux-x86_64-fedora-clang, r-devel-linux-x86_64-fedora-gcc, r-patched-linux-x86_64, r-release-linux-x86_64

Version: 2.0.1
Check: dependencies in R code
Result: NOTE
    Namespace in Imports field not imported from: ‘Rcpp’
     All declared Imports should be used.
Flavors: r-devel-linux-x86_64-fedora-clang, r-devel-linux-x86_64-fedora-gcc, r-patched-solaris-x86, r-release-osx-x86_64, r-oldrel-osx-x86_64