Last updated on 2017-07-31 01:47:19.
Flavor | Version | Tinstall | Tcheck | Ttotal | Status | Flags |
---|---|---|---|---|---|---|
r-devel-linux-x86_64-debian-clang | 1.1.4 | 4.75 | 95.77 | 100.52 | OK | |
r-devel-linux-x86_64-debian-gcc | 1.1.4 | 4.80 | 85.66 | 90.45 | OK | |
r-devel-linux-x86_64-fedora-clang | 1.1.4 | 206.35 | NOTE | |||
r-devel-linux-x86_64-fedora-gcc | 1.1.4 | 205.53 | NOTE | |||
r-devel-windows-ix86+x86_64 | 1.1.4 | 24.00 | 213.00 | 237.00 | OK | |
r-patched-linux-x86_64 | 1.1.4 | 5.07 | 95.20 | 100.27 | OK | |
r-patched-solaris-x86 | 1.1.4 | 274.30 | NOTE | |||
r-release-linux-x86_64 | 1.1.4 | 4.87 | 98.29 | 103.16 | OK | |
r-release-windows-ix86+x86_64 | 1.1.4 | 31.00 | 213.00 | 244.00 | OK | |
r-release-osx-x86_64 | 1.1.4 | NOTE | ||||
r-oldrel-windows-ix86+x86_64 | 1.1.4 | 18.00 | 145.00 | 163.00 | OK | |
r-oldrel-osx-x86_64 | 1.1.4 | NOTE |
Version: 1.1.4
Check: data for non-ASCII characters
Result: NOTE
Note: found 4 marked UTF-8 strings
Flavors: r-devel-linux-x86_64-fedora-clang, r-devel-linux-x86_64-fedora-gcc, r-patched-solaris-x86, r-release-osx-x86_64, r-oldrel-osx-x86_64
Version: 1.1.4
Check: package dependencies
Result: NOTE
Package suggested but not available for checking: ‘devtools’
Flavor: r-release-osx-x86_64