Last updated on 2017-07-31 01:47:19.
Flavor | Version | Tinstall | Tcheck | Ttotal | Status | Flags |
---|---|---|---|---|---|---|
r-devel-linux-x86_64-debian-clang | 1.1-1 | 2.68 | 46.03 | 48.70 | NOTE | |
r-devel-linux-x86_64-debian-gcc | 1.1-1 | 2.48 | 36.83 | 39.31 | NOTE | |
r-devel-linux-x86_64-fedora-clang | 1.1-1 | 69.32 | NOTE | |||
r-devel-linux-x86_64-fedora-gcc | 1.1-1 | 65.47 | NOTE | |||
r-devel-windows-ix86+x86_64 | 1.1-1 | 25.00 | 97.00 | 122.00 | OK | |
r-patched-linux-x86_64 | 1.1-1 | 2.44 | 46.41 | 48.85 | NOTE | |
r-patched-solaris-x86 | 1.1-1 | 75.60 | NOTE | |||
r-release-linux-x86_64 | 1.1-1 | 2.36 | 47.31 | 49.66 | NOTE | |
r-release-windows-ix86+x86_64 | 1.1-1 | 13.00 | 93.00 | 106.00 | OK | |
r-release-osx-x86_64 | 1.1-1 | OK | ||||
r-oldrel-windows-ix86+x86_64 | 1.1-1 | 20.00 | 56.00 | 76.00 | OK | |
r-oldrel-osx-x86_64 | 1.1-1 | OK |
Version: 1.1-1
Check: package dependencies
Result: NOTE
Package suggested but not available for checking: ‘QCA3’
Flavors: r-devel-linux-x86_64-debian-clang, r-devel-linux-x86_64-debian-gcc, r-devel-linux-x86_64-fedora-clang, r-devel-linux-x86_64-fedora-gcc, r-patched-linux-x86_64, r-patched-solaris-x86, r-release-linux-x86_64
Version: 1.1-1
Check: compiled code
Result: NOTE
File ‘QCApro/libs/QCApro.so’:
Found no calls to: ‘R_registerRoutines’, ‘R_useDynamicSymbols’
It is good practice to register native routines and to disable symbol
search.
See ‘Writing portable packages’ in the ‘Writing R Extensions’ manual.
Flavors: r-devel-linux-x86_64-debian-clang, r-devel-linux-x86_64-debian-gcc, r-devel-linux-x86_64-fedora-clang, r-devel-linux-x86_64-fedora-gcc, r-patched-linux-x86_64, r-release-linux-x86_64