CRAN Package Check Results for Package QuantTools

Last updated on 2017-07-31 01:47:20.

Flavor Version Tinstall Tcheck Ttotal Status Flags
r-devel-linux-x86_64-debian-clang 0.5.5 76.34 37.14 113.48 OK
r-devel-linux-x86_64-debian-gcc 0.5.5 82.19 27.22 109.42 OK
r-devel-linux-x86_64-fedora-clang 0.5.5 217.65 NOTE
r-devel-linux-x86_64-fedora-gcc 0.5.5 199.68 NOTE
r-devel-windows-ix86+x86_64 0.5.5 329.00 90.00 419.00 NOTE
r-patched-linux-x86_64 0.5.5 79.00 37.34 116.35 OK
r-patched-solaris-x86 0.5.5 195.80 NOTE
r-release-linux-x86_64 0.5.5 78.19 37.26 115.45 OK
r-release-windows-ix86+x86_64 0.5.5 244.00 90.00 334.00 NOTE
r-release-osx-x86_64 0.5.5 NOTE
r-oldrel-windows-ix86+x86_64 0.5.5 361.00 65.00 426.00 NOTE
r-oldrel-osx-x86_64 0.5.5 NOTE

Additional issues

rchk

Check Details

Version: 0.5.5
Check: installed package size
Result: NOTE
     installed size is 9.8Mb
     sub-directories of 1Mb or more:
     data 4.5Mb
     libs 4.7Mb
Flavors: r-devel-linux-x86_64-fedora-clang, r-devel-linux-x86_64-fedora-gcc, r-devel-windows-ix86+x86_64, r-patched-solaris-x86, r-release-windows-ix86+x86_64, r-release-osx-x86_64, r-oldrel-windows-ix86+x86_64, r-oldrel-osx-x86_64