Last updated on 2017-07-31 01:47:20.
Flavor | Version | Tinstall | Tcheck | Ttotal | Status | Flags |
---|---|---|---|---|---|---|
r-devel-linux-x86_64-debian-clang | 0.68-38 | 8.07 | 102.87 | 110.94 | OK | |
r-devel-linux-x86_64-debian-gcc | 0.68-38 | 8.03 | 99.20 | 107.24 | OK | |
r-devel-linux-x86_64-fedora-clang | 0.68-38 | 215.13 | OK | |||
r-devel-linux-x86_64-fedora-gcc | 0.68-38 | 213.78 | OK | |||
r-devel-windows-ix86+x86_64 | 0.68-38 | 30.00 | 207.00 | 237.00 | OK | |
r-patched-linux-x86_64 | 0.68-38 | 8.13 | 106.50 | 114.63 | OK | |
r-patched-solaris-x86 | 0.68-38 | 292.70 | OK | |||
r-release-linux-x86_64 | 0.68-38 | 7.76 | 111.84 | 119.60 | OK | |
r-release-windows-ix86+x86_64 | 0.68-38 | 23.00 | 210.00 | 233.00 | OK | |
r-release-osx-x86_64 | 0.68-38 | ERROR | ||||
r-oldrel-windows-ix86+x86_64 | 0.68-38 | 25.00 | 140.00 | 165.00 | OK | |
r-oldrel-osx-x86_64 | 0.68-38 | ERROR |
Version: 0.68-38
Check: package dependencies
Result: ERROR
Packages required but not available:
‘cairoDevice’ ‘gWidgetsRGtk2’ ‘RGtk2Extras’
See section ‘The DESCRIPTION file’ in the ‘Writing R Extensions’
manual.
Flavor: r-release-osx-x86_64
Version: 0.68-38
Check: whether package can be installed
Result: ERROR
Installation failed.
Flavor: r-oldrel-osx-x86_64