CRAN Package Check Results for Package RCurl

Last updated on 2017-07-31 01:47:21.

Flavor Version Tinstall Tcheck Ttotal Status Flags
r-devel-linux-x86_64-debian-clang 1.95-4.8 7.67 59.84 67.51 NOTE
r-devel-linux-x86_64-debian-gcc 1.95-4.8 8.14 52.71 60.85 NOTE
r-devel-linux-x86_64-fedora-clang 1.95-4.8 54.83 NOTE
r-devel-linux-x86_64-fedora-gcc 1.95-4.8 52.97 NOTE
r-devel-windows-ix86+x86_64 1.95-4.8 39.00 132.00 171.00 NOTE
r-patched-linux-x86_64 1.95-4.8 8.06 58.60 66.66 NOTE
r-patched-solaris-x86 1.95-4.8 60.70 FAIL
r-release-linux-x86_64 1.95-4.8 7.76 58.50 66.26 NOTE
r-release-windows-ix86+x86_64 1.95-4.8 40.00 118.00 158.00 NOTE
r-release-osx-x86_64 1.95-4.8 NOTE
r-oldrel-windows-ix86+x86_64 1.95-4.8 81.00 134.00 215.00 NOTE
r-oldrel-osx-x86_64 1.95-4.8 NOTE

Additional issues

rchk

Check Details

Version: 1.95-4.8
Check: DESCRIPTION meta-information
Result: NOTE
    Deprecated license: BSD
Flavors: r-devel-linux-x86_64-debian-clang, r-devel-linux-x86_64-debian-gcc, r-devel-linux-x86_64-fedora-clang, r-devel-linux-x86_64-fedora-gcc, r-patched-linux-x86_64, r-patched-solaris-x86, r-release-linux-x86_64, r-release-osx-x86_64, r-oldrel-osx-x86_64

Version: 1.95-4.8
Check: top-level files
Result: NOTE
    Non-standard files/directories found at top level:
     ‘Changes.html’ ‘CodeGeneration’ ‘README.windows’ ‘Todo.html’
     ‘dynGC.R’ ‘encoding.R’ ‘exampleCode’ ‘getURL.html’ ‘libcurlLicense’
     ‘post.R’ ‘postForm.html’
Flavors: r-devel-linux-x86_64-debian-clang, r-devel-linux-x86_64-debian-gcc, r-devel-linux-x86_64-fedora-clang, r-devel-linux-x86_64-fedora-gcc, r-patched-linux-x86_64, r-release-linux-x86_64

Version: 1.95-4.8
Check: for GNU extensions in Makefiles
Result: NOTE
    GNU make is a SystemRequirements.
Flavors: r-devel-linux-x86_64-debian-clang, r-devel-linux-x86_64-debian-gcc, r-devel-linux-x86_64-fedora-clang, r-devel-linux-x86_64-fedora-gcc, r-devel-windows-ix86+x86_64, r-patched-linux-x86_64, r-patched-solaris-x86, r-release-linux-x86_64, r-release-windows-ix86+x86_64, r-release-osx-x86_64, r-oldrel-windows-ix86+x86_64, r-oldrel-osx-x86_64

Version: 1.95-4.8
Check: package dependencies
Result: NOTE
    Package suggested but not available for checking: ‘Rcompression’
Flavors: r-devel-linux-x86_64-fedora-clang, r-devel-linux-x86_64-fedora-gcc, r-devel-windows-ix86+x86_64, r-patched-solaris-x86, r-release-windows-ix86+x86_64, r-release-osx-x86_64, r-oldrel-windows-ix86+x86_64, r-oldrel-osx-x86_64

Version: 1.95-4.8
Check: installed package size
Result: NOTE
     installed size is 6.2Mb
     sub-directories of 1Mb or more:
     libs 4.4Mb
Flavors: r-devel-windows-ix86+x86_64, r-release-windows-ix86+x86_64, r-oldrel-windows-ix86+x86_64

Version: 1.95-4.8
Check: examples
Result: FAIL
    
Flavor: r-patched-solaris-x86