Last updated on 2017-07-31 01:47:22.
Flavor | Version | Tinstall | Tcheck | Ttotal | Status | Flags |
---|---|---|---|---|---|---|
r-devel-linux-x86_64-debian-clang | 3.1-3 | 10.35 | 45.89 | 56.24 | NOTE | |
r-devel-linux-x86_64-debian-gcc | 3.1-3 | 10.65 | 41.83 | 52.47 | NOTE | |
r-devel-linux-x86_64-fedora-clang | 3.1-3 | 107.39 | NOTE | |||
r-devel-linux-x86_64-fedora-gcc | 3.1-3 | 104.62 | NOTE | |||
r-devel-windows-ix86+x86_64 | 3.1-3 | 41.00 | 123.00 | 164.00 | OK | |
r-patched-linux-x86_64 | 3.1-3 | 10.65 | 45.57 | 56.22 | NOTE | |
r-patched-solaris-x86 | 3.1-3 | 131.20 | OK | |||
r-release-linux-x86_64 | 3.1-3 | 11.17 | 49.18 | 60.35 | NOTE | |
r-release-windows-ix86+x86_64 | 3.1-3 | 35.00 | 135.00 | 170.00 | OK | |
r-release-osx-x86_64 | 3.1-3 | OK | ||||
r-oldrel-windows-ix86+x86_64 | 3.1-3 | 47.00 | 87.00 | 134.00 | OK | |
r-oldrel-osx-x86_64 | 3.1-3 | OK |
Version: 3.1-3
Check: compiled code
Result: NOTE
File ‘RLRsim/libs/RLRsim.so’:
Found no calls to: ‘R_registerRoutines’, ‘R_useDynamicSymbols’
It is good practice to register native routines and to disable symbol
search.
See ‘Writing portable packages’ in the ‘Writing R Extensions’ manual.
Flavors: r-devel-linux-x86_64-debian-clang, r-devel-linux-x86_64-debian-gcc, r-devel-linux-x86_64-fedora-clang, r-devel-linux-x86_64-fedora-gcc, r-patched-linux-x86_64, r-release-linux-x86_64