CRAN Package Check Results for Package Rcmdr

Last updated on 2017-07-31 01:47:20.

Flavor Version Tinstall Tcheck Ttotal Status Flags
r-devel-linux-x86_64-debian-clang 2.3-2 18.79 113.78 132.57 OK
r-devel-linux-x86_64-debian-gcc 2.3-2 20.10 107.00 127.09 OK
r-devel-linux-x86_64-fedora-clang 2.3-2 235.76 NOTE
r-devel-linux-x86_64-fedora-gcc 2.3-2 226.58 NOTE
r-devel-windows-ix86+x86_64 2.3-2 57.00 199.00 256.00 NOTE
r-patched-linux-x86_64 2.3-2 20.05 111.99 132.03 OK
r-patched-solaris-x86 2.3-2 303.70 NOTE
r-release-linux-x86_64 2.3-2 18.77 117.72 136.49 OK
r-release-windows-ix86+x86_64 2.3-2 67.00 195.00 262.00 NOTE
r-release-osx-x86_64 2.3-2 NOTE
r-oldrel-windows-ix86+x86_64 2.3-2 39.00 135.00 174.00 NOTE
r-oldrel-osx-x86_64 2.3-2 NOTE

Check Details

Version: 2.3-2
Check: installed package size
Result: NOTE
     installed size is 7.8Mb
     sub-directories of 1Mb or more:
     R 1.0Mb
     doc 4.0Mb
     po 2.2Mb
Flavors: r-devel-linux-x86_64-fedora-clang, r-devel-linux-x86_64-fedora-gcc, r-devel-windows-ix86+x86_64, r-patched-solaris-x86, r-release-windows-ix86+x86_64, r-release-osx-x86_64, r-oldrel-windows-ix86+x86_64, r-oldrel-osx-x86_64