Last updated on 2017-07-31 01:47:21.
Flavor | Version | Tinstall | Tcheck | Ttotal | Status | Flags |
---|---|---|---|---|---|---|
r-devel-linux-x86_64-debian-clang | 0.1.1 | 47.15 | 20.69 | 67.83 | NOTE | |
r-devel-linux-x86_64-debian-gcc | 0.1.1 | 58.08 | 13.55 | 71.64 | NOTE | |
r-devel-linux-x86_64-fedora-clang | 0.1.1 | 123.40 | NOTE | |||
r-devel-linux-x86_64-fedora-gcc | 0.1.1 | 132.15 | NOTE | |||
r-devel-windows-ix86+x86_64 | 0.1.1 | 284.00 | 67.00 | 351.00 | OK | |
r-patched-linux-x86_64 | 0.1.1 | 58.93 | 19.63 | 78.56 | NOTE | |
r-patched-solaris-x86 | 0.1.1 | 139.60 | OK | |||
r-release-linux-x86_64 | 0.1.1 | 59.40 | 19.29 | 78.69 | NOTE | |
r-release-windows-ix86+x86_64 | 0.1.1 | 159.00 | 65.00 | 224.00 | OK | |
r-release-osx-x86_64 | 0.1.1 | NOTE | ||||
r-oldrel-windows-ix86+x86_64 | 0.1.1 | 229.00 | 67.00 | 296.00 | OK | |
r-oldrel-osx-x86_64 | 0.1.1 | NOTE |
Version: 0.1.1
Check: compiled code
Result: NOTE
File ‘RcppStreams/libs/RcppStreams.so’:
Found no calls to: ‘R_registerRoutines’, ‘R_useDynamicSymbols’
It is good practice to register native routines and to disable symbol
search.
See ‘Writing portable packages’ in the ‘Writing R Extensions’ manual.
Flavors: r-devel-linux-x86_64-debian-clang, r-devel-linux-x86_64-debian-gcc, r-devel-linux-x86_64-fedora-clang, r-devel-linux-x86_64-fedora-gcc, r-patched-linux-x86_64, r-release-linux-x86_64
Version: 0.1.1
Check: installed package size
Result: NOTE
installed size is 7.3Mb
sub-directories of 1Mb or more:
libs 6.5Mb
Flavors: r-devel-linux-x86_64-fedora-clang, r-devel-linux-x86_64-fedora-gcc, r-release-osx-x86_64, r-oldrel-osx-x86_64