CRAN Package Check Results for Package Rfast

Last updated on 2017-07-31 01:47:22.

Flavor Version Tinstall Tcheck Ttotal Status Flags
r-devel-linux-x86_64-debian-clang 1.8.2 999.03 67.92 1066.95 OK
r-devel-linux-x86_64-debian-gcc 1.8.2 1140.78 49.39 1190.17 OK
r-devel-linux-x86_64-fedora-clang 1.8.2 2128.00 NOTE
r-devel-linux-x86_64-fedora-gcc 1.8.2 2176.77 NOTE
r-devel-windows-ix86+x86_64 1.8.2 4140.00 168.00 4308.00 NOTE
r-patched-linux-x86_64 1.8.2 1103.69 65.91 1169.61 OK
r-patched-solaris-x86 1.8.2 1967.20 OK
r-release-linux-x86_64 1.8.2 1093.08 67.88 1160.96 OK
r-release-windows-ix86+x86_64 1.8.2 3279.00 165.00 3444.00 NOTE
r-release-osx-x86_64 1.8.2 NOTE
r-oldrel-windows-ix86+x86_64 1.8.2 4259.00 125.00 4384.00 NOTE
r-oldrel-osx-x86_64 1.8.2 NOTE

Additional issues

clang-ASAN valgrind

Check Details

Version: 1.8.2
Check: installed package size
Result: NOTE
     installed size is 38.6Mb
     sub-directories of 1Mb or more:
     libs 38.1Mb
Flavors: r-devel-linux-x86_64-fedora-clang, r-devel-linux-x86_64-fedora-gcc, r-devel-windows-ix86+x86_64, r-release-windows-ix86+x86_64, r-release-osx-x86_64, r-oldrel-windows-ix86+x86_64, r-oldrel-osx-x86_64