Last updated on 2017-07-31 01:47:22.
Flavor | Version | Tinstall | Tcheck | Ttotal | Status | Flags |
---|---|---|---|---|---|---|
r-devel-linux-x86_64-debian-clang | 0.6-3 | 1.77 | 19.06 | 20.83 | OK | |
r-devel-linux-x86_64-debian-gcc | 0.6-3 | 1.54 | 12.86 | 14.40 | OK | |
r-devel-linux-x86_64-fedora-clang | 0.6-3 | 22.60 | OK | |||
r-devel-linux-x86_64-fedora-gcc | 0.6-3 | 21.76 | OK | |||
r-devel-windows-ix86+x86_64 | 0.6-3 | 19.00 | 48.00 | 67.00 | OK | |
r-patched-linux-x86_64 | 0.6-3 | 1.60 | 19.02 | 20.61 | OK | |
r-patched-solaris-x86 | 0.6-3 | 33.30 | NOTE | |||
r-release-linux-x86_64 | 0.6-3 | 1.62 | 18.19 | 19.80 | OK | |
r-release-windows-ix86+x86_64 | 0.6-3 | 21.00 | 49.00 | 70.00 | OK | |
r-release-osx-x86_64 | 0.6-3 | ERROR | ||||
r-oldrel-windows-ix86+x86_64 | 0.6-3 | 11.00 | 33.00 | 44.00 | OK | |
r-oldrel-osx-x86_64 | 0.6-3 | NOTE |
Version: 0.6-3
Check: Rd cross-references
Result: NOTE
Package unavailable to check Rd xrefs: ‘Rsymphony’
Flavors: r-patched-solaris-x86, r-oldrel-osx-x86_64
Version: 0.6-3
Check: whether package can be installed
Result: ERROR
Installation failed.
Flavor: r-release-osx-x86_64