CRAN Package Check Results for Package SGPdata

Last updated on 2017-07-31 01:47:25.

Flavor Version Tinstall Tcheck Ttotal Status Flags
r-devel-linux-x86_64-debian-clang 17.0-0.0 9.74 28.33 38.07 OK
r-devel-linux-x86_64-debian-gcc 17.0-0.0 9.43 22.13 31.55 OK
r-devel-linux-x86_64-fedora-clang 17.0-0.0 58.36 NOTE
r-devel-linux-x86_64-fedora-gcc 17.0-0.0 57.01 NOTE
r-devel-windows-ix86+x86_64 17.0-0.0 22.00 59.00 81.00 NOTE
r-patched-linux-x86_64 17.0-0.0 10.04 27.74 37.78 OK
r-patched-solaris-x86 17.0-0.0 94.20 NOTE
r-release-linux-x86_64 17.0-0.0 9.41 28.04 37.45 OK
r-release-windows-ix86+x86_64 17.0-0.0 19.00 54.00 73.00 NOTE
r-release-osx-x86_64 17.0-0.0 NOTE
r-oldrel-windows-ix86+x86_64 17.0-0.0 22.00 41.00 63.00 NOTE
r-oldrel-osx-x86_64 17.0-0.0 NOTE

Check Details

Version: 17.0-0.0
Check: installed package size
Result: NOTE
     installed size is 7.9Mb
     sub-directories of 1Mb or more:
     data 7.8Mb
Flavors: r-devel-linux-x86_64-fedora-clang, r-devel-linux-x86_64-fedora-gcc, r-devel-windows-ix86+x86_64, r-patched-solaris-x86, r-release-windows-ix86+x86_64, r-release-osx-x86_64, r-oldrel-windows-ix86+x86_64, r-oldrel-osx-x86_64

Version: 17.0-0.0
Check: package dependencies
Result: NOTE
    Package suggested but not available for checking: ‘SGP’
Flavor: r-release-osx-x86_64