Last updated on 2017-07-31 01:47:25.
Flavor | Version | Tinstall | Tcheck | Ttotal | Status | Flags |
---|---|---|---|---|---|---|
r-devel-linux-x86_64-debian-clang | 1.2-0 | 0.96 | 116.23 | 117.20 | OK | |
r-devel-linux-x86_64-debian-gcc | 1.2-0 | 1.02 | 103.57 | 104.59 | OK | |
r-devel-linux-x86_64-fedora-clang | 1.2-0 | 195.68 | NOTE | |||
r-devel-linux-x86_64-fedora-gcc | 1.2-0 | 190.60 | NOTE | |||
r-devel-windows-ix86+x86_64 | 1.2-0 | 5.00 | 214.00 | 219.00 | OK | |
r-patched-linux-x86_64 | 1.2-0 | 0.96 | 115.69 | 116.66 | OK | |
r-patched-solaris-x86 | 1.2-0 | 203.00 | NOTE | |||
r-release-linux-x86_64 | 1.2-0 | 1.06 | 117.13 | 118.19 | OK | |
r-release-windows-ix86+x86_64 | 1.2-0 | 4.00 | 220.00 | 224.00 | OK | |
r-release-osx-x86_64 | 1.2-0 | NOTE | ||||
r-oldrel-windows-ix86+x86_64 | 1.2-0 | 7.00 | 169.00 | 176.00 | OK | |
r-oldrel-osx-x86_64 | 1.2-0 | NOTE |
Version: 1.2-0
Check: dependencies in R code
Result: NOTE
Namespaces in Imports field not imported from:
‘SnowballC’ ‘XML’ ‘mgcv’
All declared Imports should be used.
Flavors: r-devel-linux-x86_64-fedora-clang, r-devel-linux-x86_64-fedora-gcc, r-patched-solaris-x86, r-release-osx-x86_64, r-oldrel-osx-x86_64