CRAN Package Check Results for Package SetRank

Last updated on 2017-07-31 01:47:25.

Flavor Version Tinstall Tcheck Ttotal Status Flags
r-devel-linux-x86_64-debian-clang 1.1.0 1.38 56.56 57.94 OK
r-devel-linux-x86_64-debian-gcc 1.1.0 1.40 36.10 37.51 OK
r-devel-linux-x86_64-fedora-clang 1.1.0 69.73 OK
r-devel-linux-x86_64-fedora-gcc 1.1.0 67.56 OK
r-devel-windows-ix86+x86_64 1.1.0 5.00 88.00 93.00 OK
r-patched-linux-x86_64 1.1.0 1.34 55.49 56.83 OK
r-patched-solaris-x86 1.1.0 82.60 OK
r-release-linux-x86_64 1.1.0 1.32 56.06 57.38 OK
r-release-windows-ix86+x86_64 1.1.0 5.00 92.00 97.00 OK
r-release-osx-x86_64 1.1.0 WARN
r-oldrel-windows-ix86+x86_64 1.1.0 7.00 67.00 74.00 OK
r-oldrel-osx-x86_64 1.1.0 OK

Check Details

Version: 1.1.0
Check: re-building of vignette outputs
Result: WARN
    Error in re-building vignettes:
     ...
    Error: processing vignette 'vignette.ltx' failed with diagnostics:
    Running 'texi2dvi' on 'vignette.ltx' failed.
    LaTeX errors:
    ! LaTeX Error: File `beramono.sty' not found.
    
    Type X to quit or <RETURN> to proceed,
    or enter new name. (Default extension: sty)
    
    ! Emergency stop.
    <read *>
    
    l.7 \usepackage
     [T1]{fontenc}^^M
    ! ==> Fatal error occurred, no output PDF file produced!
    Execution halted
Flavor: r-release-osx-x86_64