Last updated on 2017-07-31 01:47:25.
Flavor | Version | Tinstall | Tcheck | Ttotal | Status | Flags |
---|---|---|---|---|---|---|
r-devel-linux-x86_64-debian-clang | 1.3 | 1.89 | 54.15 | 56.04 | NOTE | |
r-devel-linux-x86_64-debian-gcc | 1.3 | 2.02 | 40.36 | 42.38 | NOTE | |
r-devel-linux-x86_64-fedora-clang | 1.3 | 82.10 | NOTE | |||
r-devel-linux-x86_64-fedora-gcc | 1.3 | 80.83 | NOTE | |||
r-devel-windows-ix86+x86_64 | 1.3 | 8.00 | 99.00 | 107.00 | NOTE | |
r-patched-linux-x86_64 | 1.3 | 2.08 | 50.71 | 52.79 | NOTE | |
r-patched-solaris-x86 | 1.3 | 75.20 | WARN | |||
r-release-linux-x86_64 | 1.3 | 2.16 | 51.41 | 53.57 | NOTE | |
r-release-windows-ix86+x86_64 | 1.3 | 7.00 | 99.00 | 106.00 | NOTE | |
r-release-osx-x86_64 | 1.3 | NOTE | ||||
r-oldrel-windows-ix86+x86_64 | 1.3 | 6.00 | 105.00 | 111.00 | NOTE | |
r-oldrel-osx-x86_64 | 1.3 | NOTE |
Version: 1.3
Check: DESCRIPTION meta-information
Result: NOTE
Malformed Description field: should contain one or more complete sentences.
Flavors: r-devel-linux-x86_64-debian-clang, r-devel-linux-x86_64-debian-gcc, r-devel-linux-x86_64-fedora-clang, r-devel-linux-x86_64-fedora-gcc, r-devel-windows-ix86+x86_64, r-patched-linux-x86_64, r-patched-solaris-x86, r-release-linux-x86_64, r-release-windows-ix86+x86_64, r-release-osx-x86_64, r-oldrel-windows-ix86+x86_64, r-oldrel-osx-x86_64
Version: 1.3
Check: re-building of vignette outputs
Result: WARN
Error in re-building vignettes:
...
Loading required package: rcdklibs
Loading required package: rJava
Error: processing vignette 'SimuChemPC_vignette.Rnw' failed with diagnostics:
chunk 2
Error in .jcall("org/guha/rcdk/util/Misc", "[Lorg/openscience/cdk/interfaces/IAtomContainer;", :
RcallMethod: cannot determine object class
Execution halted
Flavor: r-patched-solaris-x86