Last updated on 2017-07-31 01:47:30.
Flavor | Version | Tinstall | Tcheck | Ttotal | Status | Flags |
---|---|---|---|---|---|---|
r-devel-linux-x86_64-debian-clang | 1.5 | 10.61 | 26.28 | 36.90 | OK | |
r-devel-linux-x86_64-debian-gcc | 1.5 | 12.27 | 21.03 | 33.30 | OK | |
r-devel-linux-x86_64-fedora-clang | 1.5 | 58.66 | OK | |||
r-devel-linux-x86_64-fedora-gcc | 1.5 | 58.88 | OK | |||
r-devel-windows-ix86+x86_64 | 1.5 | 110.00 | 156.00 | 266.00 | NOTE | |
r-patched-linux-x86_64 | 1.5 | 11.87 | 26.09 | 37.97 | OK | |
r-patched-solaris-x86 | 1.5 | 68.80 | OK | |||
r-release-linux-x86_64 | 1.5 | 11.69 | 26.30 | 37.99 | OK | |
r-release-windows-ix86+x86_64 | 1.5 | 86.00 | 148.00 | 234.00 | NOTE | |
r-release-osx-x86_64 | 1.5 | NOTE | ||||
r-oldrel-windows-ix86+x86_64 | 1.5 | 106.00 | 107.00 | 213.00 | NOTE | |
r-oldrel-osx-x86_64 | 1.5 | NOTE |
Version: 1.5
Check: installed package size
Result: NOTE
installed size is 14.2Mb
sub-directories of 1Mb or more:
libs 13.3Mb
Flavors: r-devel-windows-ix86+x86_64, r-release-windows-ix86+x86_64, r-release-osx-x86_64, r-oldrel-windows-ix86+x86_64, r-oldrel-osx-x86_64