CRAN Package Check Results for Package Watersheds

Last updated on 2017-07-31 01:47:30.

Flavor Version Tinstall Tcheck Ttotal Status Flags
r-devel-linux-x86_64-debian-clang 1.1 1.67 47.33 49.00 OK
r-devel-linux-x86_64-debian-gcc 1.1 1.79 39.60 41.39 OK
r-devel-linux-x86_64-fedora-clang 1.1 78.61 OK
r-devel-linux-x86_64-fedora-gcc 1.1 76.97 OK
r-devel-windows-ix86+x86_64 1.1 15.00 114.00 129.00 OK
r-patched-linux-x86_64 1.1 1.81 46.01 47.82 OK
r-patched-solaris-x86 1.1 109.70 OK
r-release-linux-x86_64 1.1 1.82 47.46 49.28 OK
r-release-windows-ix86+x86_64 1.1 8.00 116.00 124.00 OK
r-release-osx-x86_64 1.1 NOTE
r-oldrel-windows-ix86+x86_64 1.1 10.00 79.00 89.00 OK
r-oldrel-osx-x86_64 1.1 OK

Check Details

Version: 1.1
Check: re-building of vignette outputs
Result: NOTE
    Error in re-building vignettes:
     ...
     number of columns of result is not a multiple of vector length (arg 2)
    Warning in rbind(riverTouch, slot(river, "data")["OBJECTID"][[1]]) :
     number of columns of result is not a multiple of vector length (arg 2)
    Warning in rbind(riverTouch, slot(river, "data")["OBJECTID"][[1]]) :
     number of columns of result is not a multiple of vector length (arg 2)
    Warning in rbind(riverTouch, slot(river, "data")["OBJECTID"][[1]]) :
     number of columns of result is not a multiple of vector length (arg 2)
    Warning in rbind(riverTouch, slot(river, "data")["OBJECTID"][[1]]) :
     number of columns of result is not a multiple of vector length (arg 2)
    Error in texi2dvi(file = file, pdf = TRUE, clean = clean, quiet = quiet, :
     Running 'texi2dvi' on 'Watersheds.tex' failed.
    LaTeX errors:
    ! LaTeX Error: File `apacite.sty' not found.
    
    Type X to quit or <RETURN> to proceed,
    or enter new name. (Default extension: sty)
    
    ! Emergency stop.
    <read *>
    
    l.14 \bibliographystyle
     {apacite}^^M
    ! ==> Fatal error occurred, no output PDF file produced!
    Calls: buildVignettes -> texi2pdf -> texi2dvi
    Execution halted
Flavor: r-release-osx-x86_64