Last updated on 2017-07-31 01:46:46.
Flavor | Version | Tinstall | Tcheck | Ttotal | Status | Flags |
---|---|---|---|---|---|---|
r-devel-linux-x86_64-debian-clang | 0.6.5 | 3.28 | 25.29 | 28.57 | NOTE | |
r-devel-linux-x86_64-debian-gcc | 0.6.5 | 2.44 | 17.33 | 19.78 | NOTE | |
r-devel-linux-x86_64-fedora-clang | 0.6.5 | 32.38 | NOTE | |||
r-devel-linux-x86_64-fedora-gcc | 0.6.5 | 31.27 | NOTE | |||
r-devel-windows-ix86+x86_64 | 0.6.5 | 17.00 | 59.00 | 76.00 | OK | |
r-patched-linux-x86_64 | 0.6.5 | 2.17 | 25.32 | 27.49 | NOTE | |
r-patched-solaris-x86 | 0.6.5 | 48.30 | OK | |||
r-release-linux-x86_64 | 0.6.5 | 2.14 | 25.14 | 27.28 | NOTE | |
r-release-windows-ix86+x86_64 | 0.6.5 | 9.00 | 45.00 | 54.00 | OK | |
r-release-osx-x86_64 | 0.6.5 | OK | ||||
r-oldrel-windows-ix86+x86_64 | 0.6.5 | 7.00 | 43.00 | 50.00 | OK | |
r-oldrel-osx-x86_64 | 0.6.5 | OK |
Version: 0.6.5
Check: compiled code
Result: NOTE
File ‘adagio/libs/adagio.so’:
Found no calls to: ‘R_registerRoutines’, ‘R_useDynamicSymbols’
It is good practice to register native routines and to disable symbol
search.
See ‘Writing portable packages’ in the ‘Writing R Extensions’ manual.
Flavors: r-devel-linux-x86_64-debian-clang, r-devel-linux-x86_64-debian-gcc, r-devel-linux-x86_64-fedora-clang, r-devel-linux-x86_64-fedora-gcc, r-patched-linux-x86_64, r-release-linux-x86_64