CRAN Package Check Results for Package adehabitatHS

Last updated on 2017-07-31 01:46:46.

Flavor Version Tinstall Tcheck Ttotal Status Flags
r-devel-linux-x86_64-debian-clang 0.3.12 5.66 76.28 81.94 NOTE
r-devel-linux-x86_64-debian-gcc 0.3.12 4.66 51.39 56.06 NOTE
r-devel-linux-x86_64-fedora-clang 0.3.12 108.56 NOTE
r-devel-linux-x86_64-fedora-gcc 0.3.12 100.00 NOTE
r-devel-windows-ix86+x86_64 0.3.12 19.00 155.00 174.00 OK
r-patched-linux-x86_64 0.3.12 4.50 76.39 80.88 NOTE
r-patched-solaris-x86 0.3.12 128.30 OK
r-release-linux-x86_64 0.3.12 16.01 76.13 92.14 NOTE
r-release-windows-ix86+x86_64 0.3.12 15.00 163.00 178.00 OK
r-release-osx-x86_64 0.3.12 NOTE
r-oldrel-windows-ix86+x86_64 0.3.12 13.00 100.00 113.00 OK
r-oldrel-osx-x86_64 0.3.12 OK

Check Details

Version: 0.3.12
Check: compiled code
Result: NOTE
    File ‘adehabitatHS/libs/adehabitatHS.so’:
     Found no calls to: ‘R_registerRoutines’, ‘R_useDynamicSymbols’
    
    It is good practice to register native routines and to disable symbol
    search.
    
    See ‘Writing portable packages’ in the ‘Writing R Extensions’ manual.
Flavors: r-devel-linux-x86_64-debian-clang, r-devel-linux-x86_64-debian-gcc, r-devel-linux-x86_64-fedora-clang, r-devel-linux-x86_64-fedora-gcc, r-patched-linux-x86_64, r-release-linux-x86_64

Version: 0.3.12
Check: package dependencies
Result: NOTE
    Package suggested but not available for checking: ‘rgeos’
Flavor: r-release-osx-x86_64