Last updated on 2017-07-31 01:46:46.
Flavor | Version | Tinstall | Tcheck | Ttotal | Status | Flags |
---|---|---|---|---|---|---|
r-devel-linux-x86_64-debian-clang | 0.3.21 | 5.35 | 106.00 | 111.35 | NOTE | |
r-devel-linux-x86_64-debian-gcc | 0.3.21 | 5.26 | 79.23 | 84.48 | NOTE | |
r-devel-linux-x86_64-fedora-clang | 0.3.21 | 143.07 | NOTE | |||
r-devel-linux-x86_64-fedora-gcc | 0.3.21 | 149.91 | NOTE | |||
r-devel-windows-ix86+x86_64 | 0.3.21 | 21.00 | 191.00 | 212.00 | OK | |
r-patched-linux-x86_64 | 0.3.21 | 5.28 | 109.48 | 114.76 | NOTE | |
r-patched-solaris-x86 | 0.3.21 | 221.60 | OK | |||
r-release-linux-x86_64 | 0.3.21 | 5.24 | 107.78 | 113.02 | NOTE | |
r-release-windows-ix86+x86_64 | 0.3.21 | 18.00 | 193.00 | 211.00 | OK | |
r-release-osx-x86_64 | 0.3.21 | OK | ||||
r-oldrel-windows-ix86+x86_64 | 0.3.21 | 21.00 | 130.00 | 151.00 | OK | |
r-oldrel-osx-x86_64 | 0.3.21 | OK |
Version: 0.3.21
Check: compiled code
Result: NOTE
File ‘adehabitatLT/libs/adehabitatLT.so’:
Found no calls to: ‘R_registerRoutines’, ‘R_useDynamicSymbols’
It is good practice to register native routines and to disable symbol
search.
See ‘Writing portable packages’ in the ‘Writing R Extensions’ manual.
Flavors: r-devel-linux-x86_64-debian-clang, r-devel-linux-x86_64-debian-gcc, r-devel-linux-x86_64-fedora-clang, r-devel-linux-x86_64-fedora-gcc, r-patched-linux-x86_64, r-release-linux-x86_64