CRAN Package Check Results for Package adehabitatMA

Last updated on 2017-07-31 01:46:46.

Flavor Version Tinstall Tcheck Ttotal Status Flags
r-devel-linux-x86_64-debian-clang 0.3.11 3.26 50.47 53.73 NOTE
r-devel-linux-x86_64-debian-gcc 0.3.11 3.06 34.57 37.64 NOTE
r-devel-linux-x86_64-fedora-clang 0.3.11 70.78 NOTE
r-devel-linux-x86_64-fedora-gcc 0.3.11 65.22 NOTE
r-devel-windows-ix86+x86_64 0.3.11 12.00 113.00 125.00 OK
r-patched-linux-x86_64 0.3.11 2.88 49.47 52.35 NOTE
r-patched-solaris-x86 0.3.11 91.30 NOTE
r-release-linux-x86_64 0.3.11 2.96 50.06 53.02 NOTE
r-release-windows-ix86+x86_64 0.3.11 11.00 115.00 126.00 OK
r-release-osx-x86_64 0.3.11 NOTE
r-oldrel-windows-ix86+x86_64 0.3.11 12.00 76.00 88.00 OK
r-oldrel-osx-x86_64 0.3.11 NOTE

Check Details

Version: 0.3.11
Check: compiled code
Result: NOTE
    File ‘adehabitatMA/libs/adehabitatMA.so’:
     Found no calls to: ‘R_registerRoutines’, ‘R_useDynamicSymbols’
    
    It is good practice to register native routines and to disable symbol
    search.
    
    See ‘Writing portable packages’ in the ‘Writing R Extensions’ manual.
Flavors: r-devel-linux-x86_64-debian-clang, r-devel-linux-x86_64-debian-gcc, r-devel-linux-x86_64-fedora-clang, r-devel-linux-x86_64-fedora-gcc, r-patched-linux-x86_64, r-release-linux-x86_64

Version: 0.3.11
Check: dependencies in R code
Result: NOTE
    Namespace in Imports field not imported from: ‘filehash’
     All declared Imports should be used.
Flavors: r-devel-linux-x86_64-fedora-clang, r-devel-linux-x86_64-fedora-gcc, r-patched-solaris-x86, r-release-osx-x86_64, r-oldrel-osx-x86_64