CRAN Package Check Results for Package anomalyDetection

Last updated on 2017-07-31 01:46:47.

Flavor Version Tinstall Tcheck Ttotal Status Flags
r-devel-linux-x86_64-debian-clang 0.1.2 0.76 56.48 57.25 OK
r-devel-linux-x86_64-debian-gcc 0.1.2 0.90 46.98 47.88 OK
r-devel-linux-x86_64-fedora-clang 0.1.2 94.46 NOTE
r-devel-linux-x86_64-fedora-gcc 0.1.2 93.00 NOTE
r-devel-windows-ix86+x86_64 0.1.2 4.00 115.00 119.00 OK
r-patched-linux-x86_64 0.1.2 0.79 52.26 53.05 OK
r-patched-solaris-x86 0.1.2 112.20 NOTE
r-release-linux-x86_64 0.1.2 0.76 52.56 53.32 OK
r-release-windows-ix86+x86_64 0.1.2 7.00 109.00 116.00 OK
r-release-osx-x86_64 0.1.2 NOTE
r-oldrel-windows-ix86+x86_64 0.1.2 4.00 70.00 74.00 OK
r-oldrel-osx-x86_64 0.1.2 NOTE

Check Details

Version: 0.1.2
Check: dependencies in R code
Result: NOTE
    Namespaces in Imports field not imported from:
     ‘RColorBrewer’ ‘gplots’ ‘tidyverse’
     All declared Imports should be used.
Flavors: r-devel-linux-x86_64-fedora-clang, r-devel-linux-x86_64-fedora-gcc, r-patched-solaris-x86, r-release-osx-x86_64, r-oldrel-osx-x86_64