Last updated on 2017-07-31 01:46:47.
Flavor | Version | Tinstall | Tcheck | Ttotal | Status | Flags |
---|---|---|---|---|---|---|
r-devel-linux-x86_64-debian-clang | 1.0.4 | 0.59 | 25.92 | 26.51 | OK | |
r-devel-linux-x86_64-debian-gcc | 1.0.4 | 0.64 | 20.08 | 20.72 | OK | |
r-devel-linux-x86_64-fedora-clang | 1.0.4 | 41.13 | OK | |||
r-devel-linux-x86_64-fedora-gcc | 1.0.4 | 40.16 | OK | |||
r-devel-windows-ix86+x86_64 | 1.0.4 | 7.00 | 47.00 | 54.00 | OK | --no-vignettes |
r-patched-linux-x86_64 | 1.0.4 | 0.72 | 25.80 | 26.52 | OK | |
r-patched-solaris-x86 | 1.0.4 | 34.00 | OK | --no-vignettes | ||
r-release-linux-x86_64 | 1.0.4 | 0.66 | 26.26 | 26.92 | OK | |
r-release-windows-ix86+x86_64 | 1.0.4 | 2.00 | 44.00 | 46.00 | OK | --no-vignettes |
r-release-osx-x86_64 | 1.0.4 | WARN | ||||
r-oldrel-windows-ix86+x86_64 | 1.0.4 | 3.00 | 45.00 | 48.00 | OK | --no-vignettes |
r-oldrel-osx-x86_64 | 1.0.4 | WARN |
Version: 1.0.4
Check: re-building of vignette outputs
Result: WARN
Error in re-building vignettes:
...
sh: rst2pdf: command not found
Error: processing vignette 'argparse.Rrst' failed with diagnostics:
conversion by rst2pdf failed!
Execution halted
Flavors: r-release-osx-x86_64, r-oldrel-osx-x86_64