Last updated on 2017-07-31 01:46:48.
Flavor | Version | Tinstall | Tcheck | Ttotal | Status | Flags |
---|---|---|---|---|---|---|
r-devel-linux-x86_64-debian-clang | 0.8.4 | 3.40 | 69.19 | 72.59 | OK | |
r-devel-linux-x86_64-debian-gcc | 0.8.4 | 3.01 | 60.94 | 63.95 | OK | |
r-devel-linux-x86_64-fedora-clang | 0.8.4 | 127.89 | OK | |||
r-devel-linux-x86_64-fedora-gcc | 0.8.4 | 128.30 | OK | |||
r-devel-windows-ix86+x86_64 | 0.8.4 | 15.00 | 130.00 | 145.00 | NOTE | |
r-patched-linux-x86_64 | 0.8.4 | 3.48 | 70.33 | 73.81 | OK | |
r-patched-solaris-x86 | 0.8.4 | 162.30 | OK | |||
r-release-linux-x86_64 | 0.8.4 | 3.17 | 70.84 | 74.01 | OK | |
r-release-windows-ix86+x86_64 | 0.8.4 | 9.00 | 133.00 | 142.00 | NOTE | |
r-release-osx-x86_64 | 0.8.4 | OK | ||||
r-oldrel-windows-ix86+x86_64 | 0.8.4 | 11.00 | 95.00 | 106.00 | NOTE | |
r-oldrel-osx-x86_64 | 0.8.4 | OK |
Version: 0.8.4
Check: package dependencies
Result: NOTE
Package which this enhances but not available for checking: 'rPython'
Flavors: r-devel-windows-ix86+x86_64, r-release-windows-ix86+x86_64, r-oldrel-windows-ix86+x86_64