Last updated on 2017-07-31 01:46:49.
Flavor | Version | Tinstall | Tcheck | Ttotal | Status | Flags |
---|---|---|---|---|---|---|
r-devel-linux-x86_64-debian-clang | 0.1 | 1.83 | 20.65 | 22.48 | NOTE | |
r-devel-linux-x86_64-debian-gcc | 0.1 | 1.84 | 14.59 | 16.44 | NOTE | |
r-devel-linux-x86_64-fedora-clang | 0.1 | 27.56 | NOTE | |||
r-devel-linux-x86_64-fedora-gcc | 0.1 | 26.09 | NOTE | |||
r-devel-windows-ix86+x86_64 | 0.1 | 13.00 | 51.00 | 64.00 | OK | |
r-patched-linux-x86_64 | 0.1 | 1.62 | 20.35 | 21.97 | NOTE | |
r-patched-solaris-x86 | 0.1 | 42.40 | OK | |||
r-release-linux-x86_64 | 0.1 | 1.62 | 20.38 | 22.00 | NOTE | |
r-release-windows-ix86+x86_64 | 0.1 | 9.00 | 37.00 | 46.00 | OK | |
r-release-osx-x86_64 | 0.1 | OK | ||||
r-oldrel-windows-ix86+x86_64 | 0.1 | 8.00 | 36.00 | 44.00 | OK | |
r-oldrel-osx-x86_64 | 0.1 | OK |
Version: 0.1
Check: compiled code
Result: NOTE
File ‘bitrugs/libs/bitrugs.so’:
Found no calls to: ‘R_registerRoutines’, ‘R_useDynamicSymbols’
It is good practice to register native routines and to disable symbol
search.
See ‘Writing portable packages’ in the ‘Writing R Extensions’ manual.
Flavors: r-devel-linux-x86_64-debian-clang, r-devel-linux-x86_64-debian-gcc, r-devel-linux-x86_64-fedora-clang, r-devel-linux-x86_64-fedora-gcc, r-patched-linux-x86_64, r-release-linux-x86_64