CRAN Package Check Results for Package camsRad

Last updated on 2017-07-31 01:46:50.

Flavor Version Tinstall Tcheck Ttotal Status Flags
r-devel-linux-x86_64-debian-clang 0.3.0 0.68 19.06 19.74 OK
r-devel-linux-x86_64-debian-gcc 0.3.0 0.59 13.14 13.73 OK
r-devel-linux-x86_64-fedora-clang 0.3.0 23.48 OK
r-devel-linux-x86_64-fedora-gcc 0.3.0 23.04 OK
r-devel-windows-ix86+x86_64 0.3.0 3.00 39.00 42.00 OK
r-patched-linux-x86_64 0.3.0 0.70 19.07 19.77 OK
r-patched-solaris-x86 0.3.0 32.60 OK
r-release-linux-x86_64 0.3.0 0.58 18.79 19.37 OK
r-release-windows-ix86+x86_64 0.3.0 2.00 39.00 41.00 OK
r-release-osx-x86_64 0.3.0 NOTE
r-oldrel-windows-ix86+x86_64 0.3.0 3.00 28.00 31.00 OK
r-oldrel-osx-x86_64 0.3.0 OK

Check Details

Version: 0.3.0
Check: package dependencies
Result: NOTE
    Package suggested but not available for checking: ‘ncdf4’
Flavor: r-release-osx-x86_64