Last updated on 2017-07-31 01:46:50.
Flavor | Version | Tinstall | Tcheck | Ttotal | Status | Flags |
---|---|---|---|---|---|---|
r-devel-linux-x86_64-debian-clang | 0.3 | 2.82 | 60.44 | 63.26 | OK | |
r-devel-linux-x86_64-debian-gcc | 0.3 | 2.74 | 51.74 | 54.49 | OK | |
r-devel-linux-x86_64-fedora-clang | 0.3 | 118.52 | OK | |||
r-devel-linux-x86_64-fedora-gcc | 0.3 | 117.28 | OK | |||
r-devel-windows-ix86+x86_64 | 0.3 | 12.00 | 127.00 | 139.00 | OK | |
r-patched-linux-x86_64 | 0.3 | 2.80 | 61.01 | 63.81 | OK | |
r-patched-solaris-x86 | 0.3 | 158.30 | OK | |||
r-release-linux-x86_64 | 0.3 | 2.73 | 60.62 | 63.36 | OK | |
r-release-windows-ix86+x86_64 | 0.3 | 8.00 | 133.00 | 141.00 | OK | |
r-release-osx-x86_64 | 0.3 | WARN | ||||
r-oldrel-windows-ix86+x86_64 | 0.3 | 10.00 | 91.00 | 101.00 | OK | |
r-oldrel-osx-x86_64 | 0.3 | OK |
Version: 0.3
Check: re-building of vignette outputs
Result: WARN
Error in re-building vignettes:
...
Warning: running command 'kpsewhich framed.sty' had status 1
Warning in test_latex_pkg("framed", system.file("misc", "framed.sty", package = "knitr")) :
unable to find LaTeX package 'framed'; will use a copy from knitr
Error in texi2dvi(file = file, pdf = TRUE, clean = clean, quiet = quiet, :
Running 'texi2dvi' on 'Using_causaldrf.tex' failed.
LaTeX errors:
! LaTeX Error: File `fullpage.sty' not found.
Type X to quit or <RETURN> to proceed,
or enter new name. (Default extension: sty)
! Emergency stop.
<read *>
l.53 \usepackage
{natbib}^^M
! ==> Fatal error occurred, no output PDF file produced!
Calls: buildVignettes -> texi2pdf -> texi2dvi
Execution halted
Flavor: r-release-osx-x86_64