CRAN Package Check Results for Package cepR

Last updated on 2017-07-31 01:46:51.

Flavor Version Tinstall Tcheck Ttotal Status Flags
r-devel-linux-x86_64-debian-clang 0.1.0 5.94 28.08 34.02 OK
r-devel-linux-x86_64-debian-gcc 0.1.0 5.66 21.41 27.07 OK
r-devel-linux-x86_64-fedora-clang 0.1.0 50.89 NOTE
r-devel-linux-x86_64-fedora-gcc 0.1.0 49.32 NOTE
r-devel-windows-ix86+x86_64 0.1.0 20.00 60.00 80.00 OK
r-patched-linux-x86_64 0.1.0 6.24 27.57 33.80 OK
r-patched-solaris-x86 0.1.0 76.90 NOTE
r-release-linux-x86_64 0.1.0 5.70 27.03 32.74 OK
r-release-windows-ix86+x86_64 0.1.0 14.00 65.00 79.00 OK
r-release-osx-x86_64 0.1.0 NOTE
r-oldrel-windows-ix86+x86_64 0.1.0 18.00 44.00 62.00 OK
r-oldrel-osx-x86_64 0.1.0 NOTE

Check Details

Version: 0.1.0
Check: data for non-ASCII characters
Result: NOTE
     Note: found 287 marked UTF-8 strings
Flavors: r-devel-linux-x86_64-fedora-clang, r-devel-linux-x86_64-fedora-gcc, r-patched-solaris-x86, r-release-osx-x86_64, r-oldrel-osx-x86_64