CRAN Package Check Results for Package clifro

Last updated on 2017-07-31 01:46:51.

Flavor Version Tinstall Tcheck Ttotal Status Flags
r-devel-linux-x86_64-debian-clang 3.1-4 3.19 92.10 95.29 OK
r-devel-linux-x86_64-debian-gcc 3.1-4 2.88 85.47 88.35 OK
r-devel-linux-x86_64-fedora-clang 3.1-4 95.40 OK
r-devel-linux-x86_64-fedora-gcc 3.1-4 95.48 OK
r-devel-windows-ix86+x86_64 3.1-4 12.00 153.00 165.00 OK
r-patched-linux-x86_64 3.1-4 3.08 93.61 96.69 OK
r-patched-solaris-x86 3.1-4 101.00 FAIL
r-release-linux-x86_64 3.1-4 3.30 95.25 98.55 OK
r-release-windows-ix86+x86_64 3.1-4 9.00 166.00 175.00 OK
r-release-osx-x86_64 3.1-4 OK
r-oldrel-windows-ix86+x86_64 3.1-4 13.00 110.00 123.00 OK
r-oldrel-osx-x86_64 3.1-4 OK

Check Details

Version: 3.1-4
Check: tests
Result: ERROR
     Running ‘test-all.R’ [0m/14m]
    Running the tests in ‘tests/test-all.R’ failed.
    Complete output:
     > library(testthat)
     > library(clifro)
     >
     > test_check("clifro")
Flavor: r-patched-solaris-x86

Version: 3.1-4
Check: PDF version of manual
Result: FAIL
    
Flavor: r-patched-solaris-x86