Last updated on 2017-07-31 01:46:51.
Flavor | Version | Tinstall | Tcheck | Ttotal | Status | Flags |
---|---|---|---|---|---|---|
r-devel-linux-x86_64-debian-clang | 1.1.0 | 0.81 | 76.23 | 77.03 | OK | |
r-devel-linux-x86_64-debian-gcc | 1.1.0 | 0.88 | 63.39 | 64.27 | OK | |
r-devel-linux-x86_64-fedora-clang | 1.1.0 | 128.17 | OK | |||
r-devel-linux-x86_64-fedora-gcc | 1.1.0 | 126.79 | OK | |||
r-devel-windows-ix86+x86_64 | 1.1.0 | 6.00 | 150.00 | 156.00 | OK | |
r-patched-linux-x86_64 | 1.1.0 | 0.97 | 68.63 | 69.60 | OK | |
r-patched-solaris-x86 | 1.1.0 | 136.20 | OK | |||
r-release-linux-x86_64 | 1.1.0 | 0.82 | 69.26 | 70.09 | OK | |
r-release-windows-ix86+x86_64 | 1.1.0 | 4.00 | 152.00 | 156.00 | OK | |
r-release-osx-x86_64 | 1.1.0 | NOTE | ||||
r-oldrel-windows-ix86+x86_64 | 1.1.0 | 8.00 | 105.00 | 113.00 | OK | |
r-oldrel-osx-x86_64 | 1.1.0 | OK |
Version: 1.1.0
Check: package dependencies
Result: NOTE
Package suggested but not available for checking: ‘devtools’
Flavor: r-release-osx-x86_64