CRAN Package Check Results for Package collpcm

Last updated on 2017-07-31 01:46:51.

Flavor Version Tinstall Tcheck Ttotal Status Flags
r-devel-linux-x86_64-debian-clang 1.0 5.98 45.62 51.60 OK
r-devel-linux-x86_64-debian-gcc 1.0 5.10 38.64 43.74 OK
r-devel-linux-x86_64-fedora-clang 1.0 99.16 OK
r-devel-linux-x86_64-fedora-gcc 1.0 98.64 OK
r-devel-windows-ix86+x86_64 1.0 27.00 123.00 150.00 OK
r-patched-linux-x86_64 1.0 5.00 45.54 50.54 OK
r-patched-solaris-x86 1.0 133.10 WARN
r-release-linux-x86_64 1.0 5.16 45.96 51.12 OK
r-release-windows-ix86+x86_64 1.0 22.00 143.00 165.00 OK
r-release-osx-x86_64 1.0 OK
r-oldrel-windows-ix86+x86_64 1.0 29.00 89.00 118.00 OK
r-oldrel-osx-x86_64 1.0 OK

Check Details

Version: 1.0
Check: whether package can be installed
Result: WARN
    Found the following significant warnings:
     "collapsed_lpcm.c", line 74: warning: improper pointer/integer combination: op ">"
Flavor: r-patched-solaris-x86